CRAN Package Check Results for Package longitudinalData

Last updated on 2021-07-25 08:51:01 CEST.

Flavor Version Tinstall Tcheck Ttotal Status Flags
r-devel-linux-x86_64-debian-clang 2.4.1 15.04 77.84 92.88 NOTE
r-devel-linux-x86_64-debian-gcc 2.4.1 9.90 59.71 69.61 NOTE
r-devel-linux-x86_64-fedora-clang 2.4.1 124.44 NOTE
r-devel-linux-x86_64-fedora-gcc 2.4.1 126.52 NOTE
r-devel-windows-x86_64 2.4.1 16.00 76.00 92.00 OK
r-devel-windows-x86_64-gcc10-UCRT 2.4.1 OK
r-patched-linux-x86_64 2.4.1 16.63 84.62 101.25 NOTE
r-patched-solaris-x86 2.4.1 140.50 NOTE
r-release-linux-x86_64 2.4.1 13.59 76.19 89.78 NOTE
r-release-macos-arm64 2.4.1 OK
r-release-macos-x86_64 2.4.1 OK
r-release-windows-ix86+x86_64 2.4.1 24.00 74.00 98.00 OK
r-oldrel-macos-x86_64 2.4.1 OK
r-oldrel-windows-ix86+x86_64 2.4.1 27.00 103.00 130.00 OK

Check Details

Version: 2.4.1
Check: for non-standard things in the check directory
Result: NOTE
    Found the following files/directories:
     'main.tex' 'scene.asy'
Flavors: r-devel-linux-x86_64-debian-clang, r-devel-linux-x86_64-debian-gcc, r-devel-linux-x86_64-fedora-clang, r-devel-linux-x86_64-fedora-gcc, r-patched-linux-x86_64, r-patched-solaris-x86, r-release-linux-x86_64