Last updated on 2024-04-22 08:51:30 CEST.
Flavor | Version | Tinstall | Tcheck | Ttotal | Status | Flags |
---|---|---|---|---|---|---|
r-devel-linux-x86_64-debian-clang | 1.1.3 | 160.72 | 47.52 | 208.24 | OK | |
r-devel-linux-x86_64-debian-gcc | 1.1.3 | 126.18 | 35.16 | 161.34 | OK | |
r-devel-linux-x86_64-fedora-clang | 1.1.3 | 308.89 | OK | |||
r-devel-linux-x86_64-fedora-gcc | 1.1.3 | 312.73 | OK | |||
r-prerel-macos-arm64 | 1.1.3 | 55.00 | NOTE | |||
r-prerel-windows-x86_64 | 1.1.3 | 124.00 | 80.00 | 204.00 | OK | |
r-patched-linux-x86_64 | 1.1.3 | 157.71 | 46.12 | 203.83 | OK | |
r-release-linux-x86_64 | 1.1.3 | 154.31 | 46.01 | 200.32 | OK | |
r-release-macos-arm64 | 1.1.3 | 65.00 | NOTE | |||
r-release-macos-x86_64 | 1.1.3 | 123.00 | NOTE | |||
r-release-windows-x86_64 | 1.1.3 | 134.00 | 89.00 | 223.00 | OK | |
r-oldrel-macos-arm64 | 1.1.3 | 65.00 | NOTE | |||
r-oldrel-windows-x86_64 | 1.1.3 | 145.00 | 92.00 | 237.00 | OK |
Version: 1.1.3
Check: installed package size
Result: NOTE
installed size is 5.3Mb
sub-directories of 1Mb or more:
libs 5.1Mb
Flavors: r-prerel-macos-arm64, r-release-macos-arm64, r-release-macos-x86_64, r-oldrel-macos-arm64