CRAN Package Check Results for Package lss2

Last updated on 2021-07-29 09:53:29 CEST.

Flavor Version Tinstall Tcheck Ttotal Status Flags
r-devel-linux-x86_64-debian-clang 1.1 NOTE
r-devel-linux-x86_64-debian-gcc 1.1 7.12 61.42 68.54 NOTE
r-devel-linux-x86_64-fedora-clang 1.1 113.42 NOTE
r-devel-linux-x86_64-fedora-gcc 1.1 103.76 NOTE
r-devel-windows-x86_64 1.1 10.00 101.00 111.00 NOTE
r-devel-windows-x86_64-gcc10-UCRT 1.1 NOTE
r-patched-linux-x86_64 1.1 7.05 76.27 83.32 NOTE
r-patched-solaris-x86 1.1 154.80 NOTE
r-release-linux-x86_64 1.1 7.98 76.43 84.41 NOTE
r-release-macos-arm64 1.1 NOTE
r-release-macos-x86_64 1.1 NOTE
r-release-windows-ix86+x86_64 1.1 19.00 74.00 93.00 NOTE
r-oldrel-macos-x86_64 1.1 OK
r-oldrel-windows-ix86+x86_64 1.1 13.00 100.00 113.00 OK

Check Details

Version: 1.1
Check: LazyData
Result: NOTE
     'LazyData' is specified without a 'data' directory
Flavors: r-devel-linux-x86_64-debian-clang, r-devel-linux-x86_64-debian-gcc, r-devel-linux-x86_64-fedora-clang, r-devel-linux-x86_64-fedora-gcc, r-devel-windows-x86_64, r-devel-windows-x86_64-gcc10-UCRT, r-patched-linux-x86_64, r-patched-solaris-x86, r-release-linux-x86_64, r-release-macos-arm64, r-release-macos-x86_64, r-release-windows-ix86+x86_64