Last updated on 2024-04-25 07:59:57 CEST.
Flavor | Version | Tinstall | Tcheck | Ttotal | Status | Flags |
---|---|---|---|---|---|---|
r-devel-linux-x86_64-debian-clang | 1.1 | 7.82 | 80.41 | 88.23 | NOTE | |
r-devel-linux-x86_64-debian-gcc | 1.1 | 6.27 | 59.98 | 66.25 | NOTE | |
r-devel-linux-x86_64-fedora-clang | 1.1 | 107.29 | NOTE | |||
r-devel-linux-x86_64-fedora-gcc | 1.1 | 105.79 | NOTE | |||
r-devel-windows-x86_64 | 1.1 | 7.00 | 80.00 | 87.00 | NOTE | |
r-patched-linux-x86_64 | 1.1 | 8.81 | 74.79 | 83.60 | NOTE | |
r-release-linux-x86_64 | 1.1 | 8.82 | 78.56 | 87.38 | NOTE | |
r-release-macos-arm64 | 1.1 | 34.00 | NOTE | |||
r-release-windows-x86_64 | 1.1 | 7.00 | 80.00 | 87.00 | NOTE | |
r-oldrel-macos-arm64 | 1.1 | 39.00 | NOTE | |||
r-oldrel-macos-x86_64 | 1.1 | 63.00 | NOTE | |||
r-oldrel-windows-x86_64 | 1.1 | 10.00 | 91.00 | 101.00 | NOTE |
Version: 1.1
Check: LazyData
Result: NOTE
'LazyData' is specified without a 'data' directory
Flavors: r-devel-linux-x86_64-debian-clang, r-devel-linux-x86_64-debian-gcc, r-devel-linux-x86_64-fedora-clang, r-devel-linux-x86_64-fedora-gcc, r-devel-windows-x86_64, r-patched-linux-x86_64, r-release-linux-x86_64, r-release-macos-arm64, r-release-windows-x86_64, r-oldrel-macos-arm64, r-oldrel-macos-x86_64, r-oldrel-windows-x86_64