Last updated on 2024-04-25 07:59:57 CEST.
Flavor | Version | Tinstall | Tcheck | Ttotal | Status | Flags |
---|---|---|---|---|---|---|
r-devel-linux-x86_64-debian-clang | 0.1.0 | 92.24 | 184.63 | 276.87 | NOTE | |
r-devel-linux-x86_64-debian-gcc | 0.1.0 | 70.79 | 131.83 | 202.62 | NOTE | |
r-devel-linux-x86_64-fedora-clang | 0.1.0 | 363.35 | NOTE | |||
r-devel-linux-x86_64-fedora-gcc | 0.1.0 | 372.69 | NOTE | |||
r-devel-windows-x86_64 | 0.1.0 | 72.00 | 181.00 | 253.00 | NOTE | |
r-patched-linux-x86_64 | 0.1.0 | 98.27 | 171.21 | 269.48 | NOTE | |
r-release-linux-x86_64 | 0.1.0 | 91.16 | 164.10 | 255.26 | NOTE | |
r-release-macos-arm64 | 0.1.0 | 104.00 | NOTE | |||
r-release-windows-x86_64 | 0.1.0 | 69.00 | 189.00 | 258.00 | NOTE | |
r-oldrel-macos-arm64 | 0.1.0 | 113.00 | NOTE | |||
r-oldrel-macos-x86_64 | 0.1.0 | 189.00 | NOTE | |||
r-oldrel-windows-x86_64 | 0.1.0 | 87.00 | 214.00 | 301.00 | NOTE |
Version: 0.1.0
Check: C++ specification
Result: NOTE
Specified C++11: please drop specification unless essential
Flavors: r-devel-linux-x86_64-debian-clang, r-devel-linux-x86_64-debian-gcc, r-devel-linux-x86_64-fedora-clang, r-devel-linux-x86_64-fedora-gcc, r-devel-windows-x86_64, r-patched-linux-x86_64, r-release-linux-x86_64, r-release-macos-arm64, r-release-windows-x86_64, r-oldrel-macos-arm64, r-oldrel-macos-x86_64, r-oldrel-windows-x86_64