CRAN Package Check Results for Package ltsspca

Last updated on 2021-05-14 09:50:57 CEST.

Flavor Version Tinstall Tcheck Ttotal Status Flags
r-devel-linux-x86_64-debian-clang 0.1.0 96.90 155.25 252.15 OK
r-devel-linux-x86_64-debian-gcc 0.1.0 63.91 116.48 180.39 OK
r-devel-linux-x86_64-fedora-clang 0.1.0 332.49 NOTE
r-devel-linux-x86_64-fedora-gcc 0.1.0 309.07 OK
r-devel-windows-ix86+x86_64 0.1.0 214.00 188.00 402.00 OK
r-devel-windows-x86_64-gcc10-UCRT 0.1.0 OK
r-patched-linux-x86_64 0.1.0 78.20 148.93 227.13 OK
r-patched-solaris-x86 0.1.0 393.40 OK
r-release-linux-x86_64 0.1.0 75.29 146.38 221.67 OK
r-release-macos-x86_64 0.1.0 OK
r-release-windows-ix86+x86_64 0.1.0 162.00 230.00 392.00 OK
r-oldrel-macos-x86_64 0.1.0 OK
r-oldrel-windows-ix86+x86_64 0.1.0 196.00 216.00 412.00 OK

Check Details

Version: 0.1.0
Check: installed package size
Result: NOTE
     installed size is 5.5Mb
     sub-directories of 1Mb or more:
     libs 5.0Mb
Flavor: r-devel-linux-x86_64-fedora-clang