Last updated on 2024-04-24 07:57:44 CEST.
Flavor | Version | Tinstall | Tcheck | Ttotal | Status | Flags |
---|---|---|---|---|---|---|
r-devel-linux-x86_64-debian-clang | 0.2.0 | 99.42 | 135.85 | 235.27 | NOTE | |
r-devel-linux-x86_64-debian-gcc | 0.2.0 | 78.20 | 101.66 | 179.86 | NOTE | |
r-devel-linux-x86_64-fedora-clang | 0.2.0 | 328.95 | NOTE | |||
r-devel-linux-x86_64-fedora-gcc | 0.2.0 | 316.42 | NOTE | |||
r-prerel-macos-arm64 | 0.2.0 | 69.00 | NOTE | |||
r-prerel-windows-x86_64 | 0.2.0 | 78.00 | 134.00 | 212.00 | NOTE | |
r-patched-linux-x86_64 | 0.2.0 | 102.64 | 129.55 | 232.19 | NOTE | |
r-release-linux-x86_64 | 0.2.0 | 111.11 | 131.99 | 243.10 | NOTE | |
r-release-macos-arm64 | 0.2.0 | 83.00 | NOTE | |||
r-release-macos-x86_64 | 0.2.0 | 155.00 | NOTE | |||
r-release-windows-x86_64 | 0.2.0 | 101.00 | 158.00 | 259.00 | NOTE | |
r-oldrel-macos-arm64 | 0.2.0 | 75.00 | NOTE | |||
r-oldrel-windows-x86_64 | 0.2.0 | 97.00 | 153.00 | 250.00 | OK |
Version: 0.2.0
Check: C++ specification
Result: NOTE
Specified C++11: please drop specification unless essential
Flavors: r-devel-linux-x86_64-debian-clang, r-devel-linux-x86_64-debian-gcc, r-devel-linux-x86_64-fedora-clang, r-devel-linux-x86_64-fedora-gcc, r-prerel-macos-arm64, r-prerel-windows-x86_64, r-patched-linux-x86_64, r-release-linux-x86_64, r-release-macos-arm64, r-release-macos-x86_64, r-release-windows-x86_64
Version: 0.2.0
Check: installed package size
Result: NOTE
installed size is 6.0Mb
sub-directories of 1Mb or more:
data 2.1Mb
libs 3.7Mb
Flavors: r-prerel-macos-arm64, r-release-macos-arm64, r-release-macos-x86_64, r-oldrel-macos-arm64