Last updated on 2024-03-12 07:49:58 CET.
Flavor | Version | Tinstall | Tcheck | Ttotal | Status | Flags |
---|---|---|---|---|---|---|
r-devel-linux-x86_64-debian-clang | 0.2-14 | 107.72 | 73.34 | 181.06 | OK | |
r-devel-linux-x86_64-debian-gcc | 0.2-14 | 91.90 | 56.93 | 148.83 | OK | |
r-devel-linux-x86_64-fedora-clang | 0.2-14 | 240.91 | OK | |||
r-devel-linux-x86_64-fedora-gcc | 0.2-14 | 269.53 | OK | |||
r-devel-windows-x86_64 | 0.2-14 | 103.00 | 235.00 | 338.00 | NOTE | |
r-patched-linux-x86_64 | 0.2-14 | 108.08 | 73.79 | 181.87 | OK | |
r-release-linux-x86_64 | 0.2-14 | 117.65 | 72.93 | 190.58 | OK | |
r-release-macos-arm64 | 0.2-14 | 69.00 | NOTE | |||
r-release-macos-x86_64 | 0.2-14 | 105.00 | NOTE | |||
r-release-windows-x86_64 | 0.2-14 | 128.00 | 277.00 | 405.00 | NOTE | |
r-oldrel-macos-arm64 | 0.2-14 | 66.00 | NOTE | |||
r-oldrel-windows-x86_64 | 0.2-14 | 173.00 | 589.00 | 762.00 | NOTE |
Version: 0.2-14
Check: installed package size
Result: NOTE
installed size is 28.9Mb
sub-directories of 1Mb or more:
gdal 3.0Mb
libs 17.4Mb
proj 8.4Mb
Flavors: r-devel-windows-x86_64, r-release-macos-arm64, r-release-macos-x86_64, r-release-windows-x86_64, r-oldrel-macos-arm64, r-oldrel-windows-x86_64