Last updated on 2024-04-19 08:54:47 CEST.
Flavor | Version | Tinstall | Tcheck | Ttotal | Status | Flags |
---|---|---|---|---|---|---|
r-devel-linux-x86_64-debian-clang | 1.2.0 | 2.10 | 25.89 | 27.99 | NOTE | |
r-devel-linux-x86_64-debian-gcc | 1.2.0 | NOTE | ||||
r-devel-linux-x86_64-fedora-clang | 1.2.0 | 36.95 | NOTE | |||
r-devel-linux-x86_64-fedora-gcc | 1.2.0 | 47.47 | NOTE | |||
r-prerel-macos-arm64 | 1.2.0 | 22.00 | NOTE | |||
r-prerel-windows-x86_64 | 1.2.0 | 2.00 | 47.00 | 49.00 | NOTE | |
r-patched-linux-x86_64 | 1.2.0 | 2.27 | 25.59 | 27.86 | NOTE | |
r-release-linux-x86_64 | 1.2.0 | 1.93 | 23.99 | 25.92 | NOTE | |
r-release-macos-arm64 | 1.2.0 | 20.00 | NOTE | |||
r-release-macos-x86_64 | 1.2.0 | 30.00 | NOTE | |||
r-release-windows-x86_64 | 1.2.0 | 2.00 | 40.00 | 42.00 | NOTE | |
r-oldrel-macos-arm64 | 1.2.0 | 18.00 | NOTE | |||
r-oldrel-windows-x86_64 | 1.2.0 | 3.00 | 46.00 | 49.00 | NOTE |
Version: 1.2.0
Check: LazyData
Result: NOTE
'LazyData' is specified without a 'data' directory
Flavors: r-devel-linux-x86_64-debian-clang, r-devel-linux-x86_64-debian-gcc, r-devel-linux-x86_64-fedora-clang, r-devel-linux-x86_64-fedora-gcc, r-prerel-macos-arm64, r-prerel-windows-x86_64, r-patched-linux-x86_64, r-release-linux-x86_64, r-release-macos-arm64, r-release-macos-x86_64, r-release-windows-x86_64, r-oldrel-macos-arm64, r-oldrel-windows-x86_64