Last updated on 2024-03-12 07:49:58 CET.
Flavor | Version | Tinstall | Tcheck | Ttotal | Status | Flags |
---|---|---|---|---|---|---|
r-devel-linux-x86_64-debian-clang | 2.8.3 | 164.59 | 142.77 | 307.36 | OK | |
r-devel-linux-x86_64-debian-gcc | 2.8.3 | 121.41 | 106.24 | 227.65 | OK | |
r-devel-linux-x86_64-fedora-clang | 2.8.3 | 510.32 | NOTE | |||
r-devel-linux-x86_64-fedora-gcc | 2.8.3 | 448.37 | OK | |||
r-devel-windows-x86_64 | 2.8.3 | 155.00 | 459.00 | 614.00 | NOTE | |
r-patched-linux-x86_64 | 2.8.3 | 160.08 | 138.86 | 298.94 | OK | |
r-release-linux-x86_64 | 2.8.3 | 166.35 | 140.01 | 306.36 | OK | |
r-release-macos-arm64 | 2.8.3 | 157.00 | NOTE | |||
r-release-macos-x86_64 | 2.8.3 | 289.00 | NOTE | |||
r-release-windows-x86_64 | 2.8.3 | 168.00 | 550.00 | 718.00 | NOTE | |
r-oldrel-macos-arm64 | 2.8.3 | 142.00 | NOTE | |||
r-oldrel-windows-x86_64 | 2.8.3 | 191.00 | 362.00 | 553.00 | NOTE |
Version: 2.8.3
Check: package dependencies
Result: NOTE
Package suggested but not available for checking: ‘tesseract’
Flavor: r-devel-linux-x86_64-fedora-clang
Version: 2.8.3
Check: installed package size
Result: NOTE
installed size is 7.4Mb
sub-directories of 1Mb or more:
doc 6.3Mb
Flavors: r-devel-linux-x86_64-fedora-clang, r-devel-windows-x86_64, r-release-macos-arm64, r-release-macos-x86_64, r-release-windows-x86_64, r-oldrel-macos-arm64, r-oldrel-windows-x86_64