Last updated on 2024-08-31 08:48:16 CEST.
Flavor | Version | Tinstall | Tcheck | Ttotal | Status | Flags |
---|---|---|---|---|---|---|
r-devel-linux-x86_64-debian-clang | 1.2.2 | 17.52 | 146.41 | 163.93 | NOTE | |
r-devel-linux-x86_64-debian-gcc | 1.2.2 | 9.99 | 100.59 | 110.58 | NOTE | |
r-devel-linux-x86_64-fedora-clang | 1.2.2 | 260.93 | OK | |||
r-devel-linux-x86_64-fedora-gcc | 1.2.2 | 165.08 | OK | |||
r-devel-windows-x86_64 | 1.2.2 | 19.00 | 146.00 | 165.00 | OK | |
r-patched-linux-x86_64 | 1.2.2 | 16.00 | 135.95 | 151.95 | NOTE | |
r-release-linux-x86_64 | 1.2.2 | 15.77 | 136.52 | 152.29 | NOTE | |
r-release-macos-arm64 | 1.2.2 | 86.00 | NOTE | |||
r-release-macos-x86_64 | 1.2.2 | 214.00 | NOTE | |||
r-release-windows-x86_64 | 1.2.2 | 18.00 | 161.00 | 179.00 | OK | |
r-oldrel-macos-arm64 | 1.2.2 | 129.00 | NOTE | |||
r-oldrel-macos-x86_64 | 1.2.2 | 191.00 | NOTE | |||
r-oldrel-windows-x86_64 | 1.2.2 | 24.00 | 188.00 | 212.00 | NOTE |
Version: 1.2.2
Check: package dependencies
Result: NOTE
Package suggested but not available for checking: ‘INLA’
Flavors: r-devel-linux-x86_64-debian-clang, r-devel-linux-x86_64-debian-gcc, r-patched-linux-x86_64, r-release-linux-x86_64, r-release-macos-arm64, r-release-macos-x86_64, r-oldrel-macos-arm64, r-oldrel-macos-x86_64, r-oldrel-windows-x86_64
Version: 1.2.2
Check: Rd cross-references
Result: NOTE
Package unavailable to check Rd xrefs: ‘INLA’
Flavors: r-devel-linux-x86_64-debian-clang, r-devel-linux-x86_64-debian-gcc, r-patched-linux-x86_64, r-release-linux-x86_64, r-release-macos-arm64, r-release-macos-x86_64, r-oldrel-macos-arm64, r-oldrel-macos-x86_64, r-oldrel-windows-x86_64