Last updated on 2024-08-31 08:48:16 CEST.
Flavor | Version | Tinstall | Tcheck | Ttotal | Status | Flags |
---|---|---|---|---|---|---|
r-devel-linux-x86_64-debian-clang | 1.0.1 | 2.83 | 22.12 | 24.95 | OK | |
r-devel-linux-x86_64-debian-gcc | 1.0.1 | 2.36 | 17.53 | 19.89 | OK | |
r-devel-linux-x86_64-fedora-clang | 1.0.1 | 40.12 | NOTE | |||
r-devel-linux-x86_64-fedora-gcc | 1.0.1 | 38.04 | OK | |||
r-devel-windows-x86_64 | 1.0.1 | 5.00 | 47.00 | 52.00 | OK | |
r-patched-linux-x86_64 | 1.0.1 | 2.86 | 21.31 | 24.17 | OK | |
r-release-linux-x86_64 | 1.0.1 | 2.80 | 21.22 | 24.02 | OK | |
r-release-macos-arm64 | 1.0.1 | 18.00 | OK | |||
r-release-macos-x86_64 | 1.0.1 | 25.00 | OK | |||
r-release-windows-x86_64 | 1.0.1 | 9.00 | 103.00 | 112.00 | OK | |
r-oldrel-macos-arm64 | 1.0.1 | 20.00 | OK | |||
r-oldrel-macos-x86_64 | 1.0.1 | 44.00 | OK | |||
r-oldrel-windows-x86_64 | 1.0.1 | 6.00 | 47.00 | 53.00 | OK |
Version: 1.0.1
Check: Rd cross-references
Result: NOTE
Undeclared packages ‘CompQuadForm’, ‘car’ in Rd xrefs
Flavor: r-devel-linux-x86_64-fedora-clang