CRAN Package Check Results for Package mapdeck

Last updated on 2021-06-12 09:53:52 CEST.

Flavor Version Tinstall Tcheck Ttotal Status Flags
r-devel-linux-x86_64-debian-clang 0.3.4 319.54 56.23 375.77 OK
r-devel-linux-x86_64-debian-gcc 0.3.4 265.65 43.53 309.18 OK
r-devel-linux-x86_64-fedora-clang 0.3.4 499.50 NOTE
r-devel-linux-x86_64-fedora-gcc 0.3.4 552.50 OK
r-devel-windows-x86_64 0.3.4 360.00 95.00 455.00 NOTE
r-devel-windows-x86_64-gcc10-UCRT 0.3.4 OK
r-patched-linux-x86_64 0.3.4 303.24 54.66 357.90 OK
r-patched-solaris-x86 0.3.4 416.50 NOTE
r-release-linux-x86_64 0.3.4 294.46 54.63 349.09 OK
r-release-macos-arm64 0.3.4 NOTE
r-release-macos-x86_64 0.3.4 NOTE
r-release-windows-ix86+x86_64 0.3.4 671.00 119.00 790.00 NOTE
r-oldrel-macos-x86_64 0.3.4 NOTE
r-oldrel-windows-ix86+x86_64 0.3.4 598.00 121.00 719.00 NOTE

Check Details

Version: 0.3.4
Check: installed package size
Result: NOTE
     installed size is 33.1Mb
     sub-directories of 1Mb or more:
     data 1.3Mb
     doc 1.6Mb
     htmlwidgets 2.3Mb
     libs 27.5Mb
Flavors: r-devel-linux-x86_64-fedora-clang, r-devel-windows-x86_64, r-patched-solaris-x86, r-release-macos-arm64, r-release-macos-x86_64, r-release-windows-ix86+x86_64, r-oldrel-macos-x86_64, r-oldrel-windows-ix86+x86_64