CRAN Package Check Results for Package mapedit

Last updated on 2021-05-10 08:49:16 CEST.

Flavor Version Tinstall Tcheck Ttotal Status Flags
r-devel-linux-x86_64-debian-clang 0.6.0 3.38 41.59 44.97 NOTE
r-devel-linux-x86_64-debian-gcc 0.6.0 3.87 32.88 36.75 NOTE
r-devel-linux-x86_64-fedora-clang 0.6.0 66.67 NOTE
r-devel-linux-x86_64-fedora-gcc 0.6.0 54.25 NOTE
r-devel-windows-ix86+x86_64 0.6.0 14.00 64.00 78.00 NOTE
r-devel-windows-x86_64-gcc10-UCRT 0.6.0 NOTE
r-patched-linux-x86_64 0.6.0 9.34 40.96 50.30 NOTE
r-patched-solaris-x86 0.6.0 85.30 NOTE
r-release-linux-x86_64 0.6.0 3.70 40.31 44.01 OK
r-release-macos-x86_64 0.6.0 OK
r-release-windows-ix86+x86_64 0.6.0 8.00 49.00 57.00 OK
r-oldrel-macos-x86_64 0.6.0 OK
r-oldrel-windows-ix86+x86_64 0.6.0 9.00 58.00 67.00 OK

Check Details

Version: 0.6.0
Check: LazyData
Result: NOTE
     'LazyData' is specified without a 'data' directory
Flavors: r-devel-linux-x86_64-debian-clang, r-devel-linux-x86_64-debian-gcc, r-devel-linux-x86_64-fedora-clang, r-devel-linux-x86_64-fedora-gcc, r-devel-windows-ix86+x86_64, r-devel-windows-x86_64-gcc10-UCRT, r-patched-linux-x86_64, r-patched-solaris-x86