Last updated on 2024-04-23 08:58:05 CEST.
Flavor | Version | Tinstall | Tcheck | Ttotal | Status | Flags |
---|---|---|---|---|---|---|
r-devel-linux-x86_64-debian-clang | 2.1.0 | 32.45 | 521.43 | 553.88 | OK | |
r-devel-linux-x86_64-debian-gcc | 2.1.0 | 24.13 | 373.25 | 397.38 | OK | |
r-devel-linux-x86_64-fedora-clang | 2.1.0 | 674.59 | NOTE | |||
r-devel-linux-x86_64-fedora-gcc | 2.1.0 | 875.99 | NOTE | |||
r-prerel-macos-arm64 | 2.1.0 | 276.00 | OK | |||
r-prerel-macos-x86_64 | 2.1.0 | 817.00 | OK | |||
r-prerel-windows-x86_64 | 2.1.0 | 26.00 | 406.00 | 432.00 | OK | |
r-patched-linux-x86_64 | 2.1.0 | 34.54 | 509.59 | 544.13 | OK | |
r-release-linux-x86_64 | 2.1.0 | 23.74 | 508.37 | 532.11 | OK | |
r-release-macos-arm64 | 2.1.0 | 241.00 | OK | |||
r-release-macos-x86_64 | 2.1.0 | 789.00 | OK | |||
r-release-windows-x86_64 | 2.1.0 | 33.00 | 492.00 | 525.00 | OK | |
r-oldrel-macos-arm64 | 2.1.0 | 246.00 | OK | |||
r-oldrel-windows-x86_64 | 2.1.0 | 34.00 | 516.00 | 550.00 | OK |
Version: 2.1.0
Check: data for non-ASCII characters
Result: NOTE
Note: found 1 marked UTF-8 string
Flavors: r-devel-linux-x86_64-fedora-clang, r-devel-linux-x86_64-fedora-gcc