Last updated on 2023-02-04 08:01:20 CET.
Flavor | Version | Tinstall | Tcheck | Ttotal | Status | Flags |
---|---|---|---|---|---|---|
r-devel-linux-x86_64-debian-clang | 0.3.3 | 170.24 | 418.35 | 588.59 | NOTE | |
r-devel-linux-x86_64-debian-gcc | 0.3.3 | 129.15 | 294.34 | 423.49 | NOTE | |
r-devel-linux-x86_64-fedora-clang | 0.3.3 | 806.54 | NOTE | |||
r-devel-linux-x86_64-fedora-gcc | 0.3.3 | 763.35 | NOTE | |||
r-devel-windows-x86_64 | 0.3.3 | 142.00 | 495.00 | 637.00 | NOTE | |
r-patched-linux-x86_64 | 0.3.3 | 160.61 | 414.44 | 575.05 | OK | |
r-release-linux-x86_64 | 0.3.3 | 156.88 | 412.68 | 569.56 | OK | |
r-release-macos-arm64 | 0.3.3 | 165.00 | NOTE | |||
r-release-macos-x86_64 | 0.3.3 | 395.00 | NOTE | |||
r-release-windows-x86_64 | 0.3.3 | 165.00 | 477.00 | 642.00 | NOTE | |
r-oldrel-macos-arm64 | 0.3.3 | 144.00 | NOTE | |||
r-oldrel-macos-x86_64 | 0.3.3 | 336.00 | NOTE | |||
r-oldrel-windows-ix86+x86_64 | 0.3.3 | 322.00 | 712.00 | 1034.00 | NOTE |
Version: 0.3.3
Check: C++ specification
Result: NOTE
Specified C++11: please update to current default of C++17
Flavors: r-devel-linux-x86_64-debian-clang, r-devel-linux-x86_64-debian-gcc, r-devel-linux-x86_64-fedora-clang, r-devel-linux-x86_64-fedora-gcc, r-devel-windows-x86_64
Version: 0.3.3
Check: installed package size
Result: NOTE
installed size is 7.5Mb
sub-directories of 1Mb or more:
R 2.7Mb
data 2.4Mb
Flavors: r-devel-linux-x86_64-fedora-clang, r-devel-windows-x86_64, r-release-macos-arm64, r-release-macos-x86_64, r-release-windows-x86_64, r-oldrel-macos-arm64, r-oldrel-macos-x86_64, r-oldrel-windows-ix86+x86_64