Last updated on 2024-03-12 07:49:58 CET.
Flavor | Version | Tinstall | Tcheck | Ttotal | Status | Flags |
---|---|---|---|---|---|---|
r-devel-linux-x86_64-debian-clang | 0.4.1 | 195.17 | 390.90 | 586.07 | NOTE | |
r-devel-linux-x86_64-debian-gcc | 0.4.1 | 145.79 | 289.87 | 435.66 | NOTE | |
r-devel-linux-x86_64-fedora-clang | 0.4.1 | 816.24 | NOTE | |||
r-devel-linux-x86_64-fedora-gcc | 0.4.1 | 736.58 | NOTE | |||
r-devel-windows-x86_64 | 0.4.1 | 160.00 | 295.00 | 455.00 | NOTE | |
r-release-linux-x86_64 | 0.4.1 | 173.11 | 342.43 | 515.54 | NOTE | |
r-release-macos-arm64 | 0.4.1 | 110.00 | NOTE | |||
r-release-macos-x86_64 | 0.4.1 | 168.00 | NOTE | |||
r-release-windows-x86_64 | 0.4.1 | 172.00 | 354.00 | 526.00 | NOTE | |
r-oldrel-macos-arm64 | 0.4.1 | 132.00 | NOTE | |||
r-oldrel-windows-x86_64 | 0.4.1 | 158.00 | 343.00 | 501.00 | NOTE |
Version: 0.4.1
Check: for GNU extensions in Makefiles
Result: NOTE
GNU make is a SystemRequirements.
Flavors: r-devel-linux-x86_64-debian-clang, r-devel-linux-x86_64-debian-gcc, r-devel-linux-x86_64-fedora-clang, r-devel-linux-x86_64-fedora-gcc, r-devel-windows-x86_64, r-release-linux-x86_64, r-release-macos-arm64, r-release-macos-x86_64, r-release-windows-x86_64, r-oldrel-macos-arm64, r-oldrel-windows-x86_64
Version: 0.4.1
Check: installed package size
Result: NOTE
installed size is 7.6Mb
sub-directories of 1Mb or more:
R 2.7Mb
data 2.4Mb
Flavors: r-devel-linux-x86_64-fedora-clang, r-devel-windows-x86_64, r-release-macos-arm64, r-release-macos-x86_64, r-release-windows-x86_64, r-oldrel-macos-arm64, r-oldrel-windows-x86_64