Last updated on 2021-04-14 08:48:22 CEST.
Flavor | Version | Tinstall | Tcheck | Ttotal | Status | Flags |
---|---|---|---|---|---|---|
r-devel-linux-x86_64-debian-clang | 3.3.0 | 8.63 | 38.92 | 47.55 | OK | |
r-devel-linux-x86_64-debian-gcc | 3.3.0 | 6.49 | 30.72 | 37.21 | OK | |
r-devel-linux-x86_64-fedora-clang | 3.3.0 | 68.36 | OK | |||
r-devel-linux-x86_64-fedora-gcc | 3.3.0 | 56.86 | OK | |||
r-devel-windows-ix86+x86_64 | 3.3.0 | 33.00 | 67.00 | 100.00 | OK | |
r-devel-windows-x86_64-gcc10-UCRT | 3.3.0 | OK | ||||
r-patched-linux-x86_64 | 3.3.0 | 7.64 | 37.12 | 44.76 | OK | |
r-patched-solaris-x86 | 3.3.0 | 87.00 | NOTE | |||
r-release-linux-x86_64 | 3.3.0 | 7.49 | 36.79 | 44.28 | OK | |
r-release-macos-x86_64 | 3.3.0 | OK | ||||
r-release-windows-ix86+x86_64 | 3.3.0 | 27.00 | 72.00 | 99.00 | OK | |
r-oldrel-macos-x86_64 | 3.3.0 | OK | ||||
r-oldrel-windows-ix86+x86_64 | 3.3.0 | 32.00 | 53.00 | 85.00 | OK |
Version: 3.3.0
Check: installed package size
Result: NOTE
installed size is 5.3Mb
sub-directories of 1Mb or more:
mapdata 4.2Mb
Flavor: r-patched-solaris-x86