Last updated on 2024-04-20 08:50:59 CEST.
Flavor | Version | Tinstall | Tcheck | Ttotal | Status | Flags |
---|---|---|---|---|---|---|
r-devel-linux-x86_64-debian-clang | 1.2-2.1 | 11.88 | 91.79 | 103.67 | NOTE | |
r-devel-linux-x86_64-debian-gcc | 1.2-2.1 | 8.76 | 67.81 | 76.57 | NOTE | |
r-devel-linux-x86_64-fedora-clang | 1.2-2.1 | 126.41 | NOTE | |||
r-devel-linux-x86_64-fedora-gcc | 1.2-2.1 | 120.35 | NOTE | |||
r-prerel-macos-arm64 | 1.2-2.1 | 37.00 | NOTE | |||
r-prerel-windows-x86_64 | 1.2-2.1 | 11.00 | 93.00 | 104.00 | NOTE | |
r-patched-linux-x86_64 | 1.2-2.1 | 12.54 | 89.20 | 101.74 | NOTE | |
r-release-linux-x86_64 | 1.2-2.1 | 8.52 | 90.70 | 99.22 | NOTE | |
r-release-macos-arm64 | 1.2-2.1 | 40.00 | NOTE | |||
r-release-macos-x86_64 | 1.2-2.1 | 66.00 | NOTE | |||
r-release-windows-x86_64 | 1.2-2.1 | 13.00 | 108.00 | 121.00 | NOTE | |
r-oldrel-macos-arm64 | 1.2-2.1 | 37.00 | OK | |||
r-oldrel-windows-x86_64 | 1.2-2.1 | 14.00 | 103.00 | 117.00 | OK |
Version: 1.2-2.1
Check: Rd files
Result: NOTE
checkRd: (-1) residuals.rsm.Rd:74: Escaped LaTeX specials: \&
Flavors: r-devel-linux-x86_64-debian-clang, r-devel-linux-x86_64-debian-gcc, r-devel-linux-x86_64-fedora-clang, r-devel-linux-x86_64-fedora-gcc, r-prerel-macos-arm64, r-prerel-windows-x86_64, r-patched-linux-x86_64, r-release-linux-x86_64, r-release-macos-arm64, r-release-macos-x86_64, r-release-windows-x86_64
Version: 1.2-2.1
Check: package dependencies
Result: NOTE
Packages suggested but not available for checking: 'csampling', 'nlreg'
Flavor: r-release-macos-x86_64