Last updated on 2024-03-12 07:49:58 CET.
Flavor | Version | Tinstall | Tcheck | Ttotal | Status | Flags |
---|---|---|---|---|---|---|
r-devel-linux-x86_64-debian-clang | 0.18.0 | 41.23 | 128.65 | 169.88 | OK | |
r-devel-linux-x86_64-debian-gcc | 0.18.0 | 29.57 | 97.73 | 127.30 | OK | |
r-devel-linux-x86_64-fedora-clang | 0.18.0 | 227.15 | OK | |||
r-devel-linux-x86_64-fedora-gcc | 0.18.0 | 217.39 | OK | |||
r-devel-windows-x86_64 | 0.18.0 | 31.00 | 122.00 | 153.00 | OK | |
r-patched-linux-x86_64 | 0.18.0 | 33.49 | 128.18 | 161.67 | NOTE | |
r-release-linux-x86_64 | 0.18.0 | 29.74 | 127.21 | 156.95 | NOTE | |
r-release-macos-arm64 | 0.18.0 | 59.00 | OK | |||
r-release-macos-x86_64 | 0.18.0 | 142.00 | OK | |||
r-release-windows-x86_64 | 0.18.0 | 40.00 | 150.00 | 190.00 | OK | |
r-oldrel-macos-arm64 | 0.18.0 | 55.00 | OK | |||
r-oldrel-windows-x86_64 | 0.18.0 | 40.00 | 139.00 | 179.00 | OK |
Version: 0.18.0
Check: package dependencies
Result: NOTE
Package suggested but not available for checking: ‘rstanarm’
Flavors: r-patched-linux-x86_64, r-release-linux-x86_64