Last updated on 2024-04-24 07:57:44 CEST.
Flavor | Version | Tinstall | Tcheck | Ttotal | Status | Flags |
---|---|---|---|---|---|---|
r-devel-linux-x86_64-debian-clang | 0.1.3 | 5.47 | 48.95 | 54.42 | NOTE | |
r-devel-linux-x86_64-debian-gcc | 0.1.3 | 4.05 | 36.36 | 40.41 | NOTE | |
r-devel-linux-x86_64-fedora-clang | 0.1.3 | 68.77 | NOTE | |||
r-devel-linux-x86_64-fedora-gcc | 0.1.3 | 77.03 | NOTE | |||
r-prerel-macos-arm64 | 0.1.3 | 29.00 | NOTE | |||
r-prerel-windows-x86_64 | 0.1.3 | 6.00 | 56.00 | 62.00 | NOTE | |
r-patched-linux-x86_64 | 0.1.3 | 3.81 | 46.08 | 49.89 | NOTE | |
r-release-linux-x86_64 | 0.1.3 | 3.09 | 43.95 | 47.04 | NOTE | |
r-release-macos-arm64 | 0.1.3 | 31.00 | NOTE | |||
r-release-macos-x86_64 | 0.1.3 | 45.00 | NOTE | |||
r-release-windows-x86_64 | 0.1.3 | 8.00 | 61.00 | 69.00 | NOTE | |
r-oldrel-macos-arm64 | 0.1.3 | 24.00 | NOTE | |||
r-oldrel-windows-x86_64 | 0.1.3 | 6.00 | 68.00 | 74.00 | NOTE |
Version: 0.1.3
Check: LazyData
Result: NOTE
'LazyData' is specified without a 'data' directory
Flavors: r-devel-linux-x86_64-debian-clang, r-devel-linux-x86_64-debian-gcc, r-devel-linux-x86_64-fedora-clang, r-devel-linux-x86_64-fedora-gcc, r-prerel-macos-arm64, r-prerel-windows-x86_64, r-patched-linux-x86_64, r-release-linux-x86_64, r-release-macos-arm64, r-release-macos-x86_64, r-release-windows-x86_64, r-oldrel-macos-arm64, r-oldrel-windows-x86_64