Last updated on 2023-03-31 08:54:04 CEST.
Flavor | Version | Tinstall | Tcheck | Ttotal | Status | Flags |
---|---|---|---|---|---|---|
r-devel-linux-x86_64-debian-clang | 1.1.3 | 18.17 | 130.33 | 148.50 | OK | |
r-devel-linux-x86_64-debian-gcc | 1.1.3 | 11.31 | 93.77 | 105.08 | OK | |
r-devel-linux-x86_64-fedora-clang | 1.1.3 | 180.93 | OK | |||
r-devel-linux-x86_64-fedora-gcc | 1.1.3 | 166.95 | OK | |||
r-devel-windows-x86_64 | 1.1.3 | 39.00 | 0.00 | 39.00 | OK | |
r-patched-linux-x86_64 | 1.1.3 | 15.55 | 119.80 | 135.35 | OK | |
r-release-linux-x86_64 | 1.1.3 | 17.54 | 128.00 | 145.54 | OK | |
r-release-macos-arm64 | 1.1.3 | 46.00 | OK | |||
r-release-macos-x86_64 | 1.1.3 | 80.00 | OK | |||
r-release-windows-x86_64 | 1.1.3 | 34.00 | 164.00 | 198.00 | OK | |
r-oldrel-macos-arm64 | 1.1.3 | 42.00 | OK | |||
r-oldrel-macos-x86_64 | 1.1.3 | 65.00 | OK | |||
r-oldrel-windows-ix86+x86_64 | 1.1.3 | 39.00 | 155.00 | 194.00 | NOTE |
Version: 1.1.3
Check: R code for possible problems
Result: NOTE
Initiating curl with CURL_SSL_BACKEND: openssl
Flavor: r-oldrel-windows-ix86+x86_64