CRAN Package Check Results for Package matrixProfile

Last updated on 2021-07-29 09:53:31 CEST.

Flavor Version Tinstall Tcheck Ttotal Status Flags
r-devel-linux-x86_64-debian-clang 0.5.0 NOTE
r-devel-linux-x86_64-debian-gcc 0.5.0 2.15 22.77 24.92 NOTE
r-devel-linux-x86_64-fedora-clang 0.5.0 46.08 NOTE
r-devel-linux-x86_64-fedora-gcc 0.5.0 36.26 NOTE
r-devel-windows-x86_64 0.5.0 3.00 47.00 50.00 NOTE
r-devel-windows-x86_64-gcc10-UCRT 0.5.0 NOTE
r-patched-linux-x86_64 0.5.0 2.78 27.90 30.68 NOTE
r-patched-solaris-x86 0.5.0 56.70 NOTE
r-release-linux-x86_64 0.5.0 2.65 27.90 30.55 NOTE
r-release-macos-arm64 0.5.0 NOTE
r-release-macos-x86_64 0.5.0 NOTE
r-release-windows-ix86+x86_64 0.5.0 6.00 34.00 40.00 NOTE
r-oldrel-macos-x86_64 0.5.0 OK
r-oldrel-windows-ix86+x86_64 0.5.0 6.00 45.00 51.00 OK

Check Details

Version: 0.5.0
Check: LazyData
Result: NOTE
     'LazyData' is specified without a 'data' directory
Flavors: r-devel-linux-x86_64-debian-clang, r-devel-linux-x86_64-debian-gcc, r-devel-linux-x86_64-fedora-clang, r-devel-linux-x86_64-fedora-gcc, r-devel-windows-x86_64, r-devel-windows-x86_64-gcc10-UCRT, r-patched-linux-x86_64, r-patched-solaris-x86, r-release-linux-x86_64, r-release-macos-arm64, r-release-macos-x86_64, r-release-windows-ix86+x86_64