CRAN Package Check Results for Package mc.heterogeneity

Last updated on 2021-05-14 09:50:57 CEST.

Flavor Version Tinstall Tcheck Ttotal Status Flags
r-devel-linux-x86_64-debian-clang 0.1.2 7.92 65.44 73.36 NOTE
r-devel-linux-x86_64-debian-gcc 0.1.2 6.50 51.90 58.40 NOTE
r-devel-linux-x86_64-fedora-clang 0.1.2 99.29 NOTE
r-devel-linux-x86_64-fedora-gcc 0.1.2 86.25 NOTE
r-devel-windows-ix86+x86_64 0.1.2 18.00 61.00 79.00 NOTE
r-devel-windows-x86_64-gcc10-UCRT 0.1.2 NOTE
r-patched-linux-x86_64 0.1.2 7.89 65.03 72.92 NOTE
r-patched-solaris-x86 0.1.2 134.40 NOTE
r-release-linux-x86_64 0.1.2 6.96 63.07 70.03 OK
r-release-macos-x86_64 0.1.2 NOTE
r-release-windows-ix86+x86_64 0.1.2 13.00 88.00 101.00 OK
r-oldrel-macos-x86_64 0.1.2 NOTE
r-oldrel-windows-ix86+x86_64 0.1.2 15.00 83.00 98.00 OK

Check Details

Version: 0.1.2
Check: LazyData
Result: NOTE
     'LazyData' is specified without a 'data' directory
Flavors: r-devel-linux-x86_64-debian-clang, r-devel-linux-x86_64-debian-gcc, r-devel-linux-x86_64-fedora-clang, r-devel-linux-x86_64-fedora-gcc, r-devel-windows-ix86+x86_64, r-devel-windows-x86_64-gcc10-UCRT, r-patched-linux-x86_64, r-patched-solaris-x86

Version: 0.1.2
Check: dependencies in R code
Result: NOTE
    Namespace in Imports field not imported from: ‘boot.heterogeneity’
     All declared Imports should be used.
Flavors: r-devel-linux-x86_64-fedora-clang, r-devel-linux-x86_64-fedora-gcc, r-devel-windows-x86_64-gcc10-UCRT, r-patched-solaris-x86, r-release-macos-x86_64, r-oldrel-macos-x86_64