CRAN Package Check Results for Package mclust

Last updated on 2021-05-17 09:51:25 CEST.

Flavor Version Tinstall Tcheck Ttotal Status Flags
r-devel-linux-x86_64-debian-clang 5.4.7 40.01 241.05 281.06 OK
r-devel-linux-x86_64-debian-gcc 5.4.7 32.32 168.01 200.33 OK
r-devel-linux-x86_64-fedora-clang 5.4.7 346.28 NOTE
r-devel-linux-x86_64-fedora-gcc 5.4.7 334.62 OK
r-devel-windows-ix86+x86_64 5.4.7 80.00 369.00 449.00 NOTE
r-devel-windows-x86_64-gcc10-UCRT 5.4.7 OK
r-patched-linux-x86_64 5.4.7 39.68 231.63 271.31 OK
r-patched-solaris-x86 5.4.7 447.00 NOTE
r-release-linux-x86_64 5.4.7 36.33 221.59 257.92 OK
r-release-macos-x86_64 5.4.7 NOTE
r-release-windows-ix86+x86_64 5.4.7 66.00 308.00 374.00 NOTE
r-oldrel-macos-x86_64 5.4.7 NOTE
r-oldrel-windows-ix86+x86_64 5.4.7 59.00 405.00 464.00 NOTE

Check Details

Version: 5.4.7
Check: installed package size
Result: NOTE
     installed size is 5.9Mb
     sub-directories of 1Mb or more:
     doc 3.0Mb
Flavors: r-devel-linux-x86_64-fedora-clang, r-devel-windows-ix86+x86_64, r-patched-solaris-x86, r-release-macos-x86_64, r-release-windows-ix86+x86_64, r-oldrel-macos-x86_64, r-oldrel-windows-ix86+x86_64