Last updated on 2024-04-23 08:58:06 CEST.
Flavor | Version | Tinstall | Tcheck | Ttotal | Status | Flags |
---|---|---|---|---|---|---|
r-devel-linux-x86_64-debian-clang | 0.7.7 | 139.09 | 362.59 | 501.68 | OK | |
r-devel-linux-x86_64-debian-gcc | 0.7.7 | 110.50 | 262.29 | 372.79 | OK | |
r-devel-linux-x86_64-fedora-clang | 0.7.7 | 625.08 | OK | |||
r-devel-linux-x86_64-fedora-gcc | 0.7.7 | 639.36 | OK | |||
r-prerel-macos-arm64 | 0.7.7 | 155.00 | NOTE | |||
r-prerel-macos-x86_64 | 0.7.7 | 399.00 | NOTE | |||
r-prerel-windows-x86_64 | 0.7.7 | 112.00 | 300.00 | 412.00 | OK | |
r-patched-linux-x86_64 | 0.7.7 | 130.71 | 341.24 | 471.95 | OK | |
r-release-linux-x86_64 | 0.7.7 | 131.41 | 352.15 | 483.56 | OK | |
r-release-macos-arm64 | 0.7.7 | 169.00 | NOTE | |||
r-release-macos-x86_64 | 0.7.7 | 370.00 | NOTE | |||
r-release-windows-x86_64 | 0.7.7 | 137.00 | 381.00 | 518.00 | OK | |
r-oldrel-macos-arm64 | 0.7.7 | 171.00 | NOTE | |||
r-oldrel-windows-x86_64 | 0.7.7 | 136.00 | 356.00 | 492.00 | OK |
Version: 0.7.7
Check: installed package size
Result: NOTE
installed size is 20.9Mb
sub-directories of 1Mb or more:
R 2.0Mb
libs 18.4Mb
Flavors: r-prerel-macos-arm64, r-prerel-macos-x86_64, r-release-macos-arm64, r-release-macos-x86_64, r-oldrel-macos-arm64