CRAN Package Check Results for Package mco

Last updated on 2021-05-10 08:49:16 CEST.

Flavor Version Tinstall Tcheck Ttotal Status Flags
r-devel-linux-x86_64-debian-clang 1.15.6 6.25 40.07 46.32 NOTE
r-devel-linux-x86_64-debian-gcc 1.15.6 3.17 30.82 33.99 NOTE
r-devel-linux-x86_64-fedora-clang 1.15.6 65.81 NOTE
r-devel-linux-x86_64-fedora-gcc 1.15.6 52.27 NOTE
r-devel-windows-ix86+x86_64 1.15.6 14.00 82.00 96.00 NOTE
r-devel-windows-x86_64-gcc10-UCRT 1.15.6 NOTE
r-patched-linux-x86_64 1.15.6 4.32 39.66 43.98 NOTE
r-patched-solaris-x86 1.15.6 82.30 NOTE
r-release-linux-x86_64 1.15.6 4.42 40.01 44.43 OK
r-release-macos-x86_64 1.15.6 OK
r-release-windows-ix86+x86_64 1.15.6 12.00 65.00 77.00 OK
r-oldrel-macos-x86_64 1.15.6 NOTE
r-oldrel-windows-ix86+x86_64 1.15.6 13.00 80.00 93.00 NOTE

Check Details

Version: 1.15.6
Check: LazyData
Result: NOTE
     'LazyData' is specified without a 'data' directory
Flavors: r-devel-linux-x86_64-debian-clang, r-devel-linux-x86_64-debian-gcc, r-devel-linux-x86_64-fedora-clang, r-devel-linux-x86_64-fedora-gcc, r-devel-windows-ix86+x86_64, r-devel-windows-x86_64-gcc10-UCRT, r-patched-linux-x86_64, r-patched-solaris-x86

Version: 1.15.6
Check: R code for possible problems
Result: NOTE
    plot.nsga2: no visible global function definition for ‘plot’
    plot.nsga2.collection: no visible binding for global variable ‘plot’
    Undefined global functions or variables:
     plot
    Consider adding
     importFrom("graphics", "plot")
    to your NAMESPACE file.
Flavors: r-oldrel-macos-x86_64, r-oldrel-windows-ix86+x86_64