Last updated on 2024-03-12 07:49:58 CET.
Flavor | Version | Tinstall | Tcheck | Ttotal | Status | Flags |
---|---|---|---|---|---|---|
r-devel-linux-x86_64-debian-clang | 1.3.3 | 12.50 | 73.95 | 86.45 | WARN | |
r-devel-linux-x86_64-debian-gcc | 1.3.3 | 9.87 | 55.67 | 65.54 | OK | |
r-devel-linux-x86_64-fedora-clang | 1.3.3 | 106.53 | OK | |||
r-devel-linux-x86_64-fedora-gcc | 1.3.3 | 103.32 | OK | |||
r-devel-windows-x86_64 | 1.3.3 | 15.00 | 84.00 | 99.00 | OK | |
r-patched-linux-x86_64 | 1.3.3 | 14.47 | 75.73 | 90.20 | OK | |
r-release-linux-x86_64 | 1.3.3 | 13.96 | 73.32 | 87.28 | OK | |
r-release-macos-arm64 | 1.3.3 | 35.00 | OK | |||
r-release-macos-x86_64 | 1.3.3 | 72.00 | OK | |||
r-release-windows-x86_64 | 1.3.3 | 18.00 | 98.00 | 116.00 | OK | |
r-oldrel-macos-arm64 | 1.3.3 | 34.00 | OK | |||
r-oldrel-windows-x86_64 | 1.3.3 | 17.00 | 87.00 | 104.00 | OK |
Version: 1.3.3
Check: whether package can be installed
Result: WARN
Found the following significant warnings:
flang-new: warning: argument unused during compilation: '-Wall' [-Wunused-command-line-argument]
See ‘/home/hornik/tmp/R.check/r-devel-clang/Work/PKGS/mcr.Rcheck/00install.out’ for details.
* used C compiler: ‘Debian clang version 18.1.0 (rc4-1)’
* used Fortran compiler: ‘Debian flang-new version 18.1.0 (rc4-1)’
Flavor: r-devel-linux-x86_64-debian-clang