Last updated on 2024-03-12 07:49:58 CET.
Flavor | Version | Tinstall | Tcheck | Ttotal | Status | Flags |
---|---|---|---|---|---|---|
r-devel-linux-x86_64-debian-clang | 2020.6-17 | 6.96 | 72.96 | 79.92 | NOTE | |
r-devel-linux-x86_64-debian-gcc | 2020.6-17 | 6.65 | 57.14 | 63.79 | NOTE | |
r-devel-linux-x86_64-fedora-clang | 2020.6-17 | 101.57 | NOTE | |||
r-devel-linux-x86_64-fedora-gcc | 2020.6-17 | 109.11 | NOTE | |||
r-devel-windows-x86_64 | 2020.6-17 | 9.00 | 73.00 | 82.00 | NOTE | |
r-patched-linux-x86_64 | 2020.6-17 | 8.17 | 73.88 | 82.05 | NOTE | |
r-release-linux-x86_64 | 2020.6-17 | 7.04 | 73.23 | 80.27 | NOTE | |
r-release-macos-arm64 | 2020.6-17 | 37.00 | NOTE | |||
r-release-macos-x86_64 | 2020.6-17 | 63.00 | NOTE | |||
r-release-windows-x86_64 | 2020.6-17 | 9.00 | 82.00 | 91.00 | NOTE | |
r-oldrel-macos-arm64 | 2020.6-17 | 36.00 | NOTE | |||
r-oldrel-windows-x86_64 | 2020.6-17 | 10.00 | 88.00 | 98.00 | NOTE |
Version: 2020.6-17
Check: package dependencies
Result: NOTE
Package suggested but not available for checking: ‘MethylCapSig’
Flavors: r-devel-linux-x86_64-debian-clang, r-devel-linux-x86_64-debian-gcc, r-devel-linux-x86_64-fedora-clang, r-devel-linux-x86_64-fedora-gcc, r-devel-windows-x86_64, r-patched-linux-x86_64, r-release-linux-x86_64, r-release-macos-arm64, r-release-macos-x86_64, r-release-windows-x86_64, r-oldrel-windows-x86_64
Version: 2020.6-17
Check: LazyData
Result: NOTE
'LazyData' is specified without a 'data' directory
Flavors: r-devel-linux-x86_64-debian-clang, r-devel-linux-x86_64-debian-gcc, r-devel-linux-x86_64-fedora-clang, r-devel-linux-x86_64-fedora-gcc, r-devel-windows-x86_64, r-patched-linux-x86_64, r-release-linux-x86_64, r-release-macos-arm64, r-release-macos-x86_64, r-release-windows-x86_64, r-oldrel-macos-arm64, r-oldrel-windows-x86_64