CRAN Package Check Results for Package memapp

Last updated on 2021-08-01 08:52:40 CEST.

Flavor Version Tinstall Tcheck Ttotal Status Flags
r-devel-linux-x86_64-debian-clang 2.14 3.51 33.91 37.42 OK
r-devel-linux-x86_64-debian-gcc 2.14 2.66 26.23 28.89 OK
r-devel-linux-x86_64-fedora-clang 2.14 54.23 NOTE
r-devel-linux-x86_64-fedora-gcc 2.14 41.82 NOTE
r-devel-windows-x86_64 2.14 18.00 52.00 70.00 OK
r-devel-windows-x86_64-gcc10-UCRT 2.14 NOTE
r-patched-linux-x86_64 2.14 OK
r-patched-solaris-x86 2.14 70.70 NOTE
r-release-linux-x86_64 2.14 3.41 32.42 35.83 OK
r-release-macos-arm64 2.14 ERROR
r-release-macos-x86_64 2.14 NOTE
r-release-windows-ix86+x86_64 2.14 10.00 52.00 62.00 OK
r-oldrel-macos-x86_64 2.14 NOTE
r-oldrel-windows-ix86+x86_64 2.14 13.00 57.00 70.00 OK

Check Details

Version: 2.14
Check: package dependencies
Result: NOTE
    Imports includes 21 non-default packages.
    Importing from so many packages makes the package vulnerable to any of
    them becoming unavailable. Move as many as possible to Suggests and
    use conditionally.
Flavor: r-devel-linux-x86_64-fedora-clang

Version: 2.14
Check: dependencies in R code
Result: NOTE
    Namespaces in Imports field not imported from:
     ‘DT’ ‘RColorBrewer’ ‘RODBC’ ‘dplyr’ ‘foreign’ ‘formattable’ ‘ggplot2’
     ‘haven’ ‘mem’ ‘openxlsx’ ‘plotly’ ‘readxl’ ‘shinyBS’ ‘shinyWidgets’
     ‘shinydashboard’ ‘shinyjs’ ‘shinythemes’ ‘stringi’ ‘stringr’ ‘tidyr’
     All declared Imports should be used.
Flavors: r-devel-linux-x86_64-fedora-clang, r-devel-linux-x86_64-fedora-gcc, r-devel-windows-x86_64-gcc10-UCRT, r-patched-solaris-x86, r-release-macos-x86_64, r-oldrel-macos-x86_64

Version: 2.14
Check: package dependencies
Result: ERROR
    Package required but not available: ‘RODBC’
    
    See section ‘The DESCRIPTION file’ in the ‘Writing R Extensions’
    manual.
Flavor: r-release-macos-arm64