Last updated on 2024-04-18 08:54:36 CEST.
Flavor | Version | Tinstall | Tcheck | Ttotal | Status | Flags |
---|---|---|---|---|---|---|
r-devel-linux-x86_64-debian-clang | 0.99.31.7 | 38.25 | 194.53 | 232.78 | OK | |
r-devel-linux-x86_64-debian-gcc | 0.99.31.7 | 28.31 | 137.60 | 165.91 | OK | |
r-devel-linux-x86_64-fedora-clang | 0.99.31.7 | 293.71 | NOTE | |||
r-devel-linux-x86_64-fedora-gcc | 0.99.31.7 | 289.29 | OK | |||
r-prerel-macos-arm64 | 0.99.31.7 | 74.00 | NOTE | |||
r-prerel-windows-x86_64 | 0.99.31.7 | 35.00 | 157.00 | 192.00 | NOTE | |
r-patched-linux-x86_64 | 0.99.31.7 | 46.22 | 189.31 | 235.53 | OK | |
r-release-linux-x86_64 | 0.99.31.7 | 34.78 | 186.43 | 221.21 | OK | |
r-release-macos-arm64 | 0.99.31.7 | 101.00 | NOTE | |||
r-release-macos-x86_64 | 0.99.31.7 | 252.00 | NOTE | |||
r-release-windows-x86_64 | 0.99.31.7 | 38.00 | 201.00 | 239.00 | NOTE | |
r-oldrel-macos-arm64 | 0.99.31.7 | 110.00 | NOTE | |||
r-oldrel-windows-x86_64 | 0.99.31.7 | 46.00 | 202.00 | 248.00 | NOTE |
Version: 0.99.31.7
Check: installed package size
Result: NOTE
installed size is 5.3Mb
sub-directories of 1Mb or more:
R 1.4Mb
doc 3.1Mb
Flavors: r-devel-linux-x86_64-fedora-clang, r-prerel-macos-arm64, r-prerel-windows-x86_64, r-release-macos-arm64, r-release-macos-x86_64, r-release-windows-x86_64, r-oldrel-macos-arm64, r-oldrel-windows-x86_64