Last updated on 2024-05-07 08:55:09 CEST.
Flavor | Version | Tinstall | Tcheck | Ttotal | Status | Flags |
---|---|---|---|---|---|---|
r-devel-linux-x86_64-debian-clang | 2.1.1 | 14.99 | 96.94 | 111.93 | NOTE | |
r-devel-linux-x86_64-debian-gcc | 2.1.1 | 11.84 | 67.58 | 79.42 | NOTE | |
r-devel-linux-x86_64-fedora-clang | 2.1.1 | 139.58 | OK | |||
r-devel-linux-x86_64-fedora-gcc | 2.1.1 | 192.66 | OK | |||
r-devel-windows-x86_64 | 2.1.1 | 15.00 | 85.00 | 100.00 | OK | |
r-patched-linux-x86_64 | 2.1.1 | 16.27 | 89.82 | 106.09 | NOTE | |
r-release-linux-x86_64 | 2.1.1 | 13.93 | 88.52 | 102.45 | NOTE | |
r-release-macos-arm64 | 2.1.1 | 36.00 | NOTE | |||
r-release-windows-x86_64 | 2.1.1 | 14.00 | 86.00 | 100.00 | OK | |
r-oldrel-macos-arm64 | 2.1.1 | 37.00 | NOTE | |||
r-oldrel-macos-x86_64 | 2.1.1 | 57.00 | NOTE | |||
r-oldrel-windows-x86_64 | 2.1.1 | 18.00 | 97.00 | 115.00 | NOTE |
Version: 2.1.1
Check: package dependencies
Result: NOTE
Package suggested but not available for checking: ‘INLA’
Flavors: r-devel-linux-x86_64-debian-clang, r-devel-linux-x86_64-debian-gcc, r-patched-linux-x86_64, r-release-linux-x86_64, r-release-macos-arm64, r-oldrel-macos-arm64, r-oldrel-macos-x86_64, r-oldrel-windows-x86_64