Last updated on 2024-08-31 08:48:16 CEST.
Flavor | Version | Tinstall | Tcheck | Ttotal | Status | Flags |
---|---|---|---|---|---|---|
r-devel-linux-x86_64-debian-clang | 1.0.0 | 10.92 | 771.55 | 782.47 | OK | |
r-devel-linux-x86_64-debian-gcc | 1.0.0 | 5.49 | 376.15 | 381.64 | OK | |
r-devel-linux-x86_64-fedora-clang | 1.0.0 | 1300.44 | NOTE | |||
r-devel-linux-x86_64-fedora-gcc | 1.0.0 | 1272.04 | NOTE | |||
r-devel-windows-x86_64 | 1.0.0 | 11.00 | 586.00 | 597.00 | OK | |
r-patched-linux-x86_64 | 1.0.0 | 12.81 | 618.04 | 630.85 | OK | |
r-release-linux-x86_64 | 1.0.0 | 8.90 | 705.81 | 714.71 | OK | |
r-release-macos-arm64 | 1.0.0 | 245.00 | OK | |||
r-release-macos-x86_64 | 1.0.0 | 516.00 | OK | |||
r-release-windows-x86_64 | 1.0.0 | 12.00 | 587.00 | 599.00 | OK | |
r-oldrel-macos-arm64 | 1.0.0 | 167.00 | OK | |||
r-oldrel-macos-x86_64 | 1.0.0 | 559.00 | OK | |||
r-oldrel-windows-x86_64 | 1.0.0 | 15.00 | 866.00 | 881.00 | OK |
Version: 1.0.0
Check: dependencies in R code
Result: NOTE
Namespaces in Imports field not imported from:
‘mvtnorm’ ‘numDeriv’ ‘utils’
All declared Imports should be used.
Flavors: r-devel-linux-x86_64-fedora-clang, r-devel-linux-x86_64-fedora-gcc
Version: 1.0.0
Check: data for non-ASCII characters
Result: NOTE
Note: found 36 marked UTF-8 strings
Flavors: r-devel-linux-x86_64-fedora-clang, r-devel-linux-x86_64-fedora-gcc