Last updated on 2024-04-23 08:58:06 CEST.
Flavor | Version | Tinstall | Tcheck | Ttotal | Status | Flags |
---|---|---|---|---|---|---|
r-devel-linux-x86_64-debian-clang | 0.3 | 528.76 | 81.31 | 610.07 | OK | |
r-devel-linux-x86_64-debian-gcc | 0.3 | 399.79 | 64.28 | 464.07 | OK | |
r-devel-linux-x86_64-fedora-clang | 0.3 | 839.53 | OK | |||
r-devel-linux-x86_64-fedora-gcc | 0.3 | 914.14 | OK | |||
r-prerel-macos-arm64 | 0.3 | 138.00 | NOTE | |||
r-prerel-macos-x86_64 | 0.3 | 185.00 | NOTE | |||
r-prerel-windows-x86_64 | 0.3 | 379.00 | 110.00 | 489.00 | OK | |
r-patched-linux-x86_64 | 0.3 | 498.66 | 85.22 | 583.88 | OK | |
r-release-linux-x86_64 | 0.3 | 496.39 | 82.63 | 579.02 | OK | |
r-release-macos-arm64 | 0.3 | 186.00 | NOTE | |||
r-release-macos-x86_64 | 0.3 | 190.00 | NOTE | |||
r-release-windows-x86_64 | 0.3 | 486.00 | 135.00 | 621.00 | OK | |
r-oldrel-macos-arm64 | 0.3 | 154.00 | NOTE | |||
r-oldrel-windows-x86_64 | 0.3 | 452.00 | 120.00 | 572.00 | OK |
Version: 0.3
Check: installed package size
Result: NOTE
installed size is 20.4Mb
sub-directories of 1Mb or more:
libs 20.0Mb
Flavors: r-prerel-macos-arm64, r-prerel-macos-x86_64, r-release-macos-arm64, r-release-macos-x86_64, r-oldrel-macos-arm64