CRAN Package Check Results for Package metarep

Last updated on 2025-01-26 08:48:30 CET.

Flavor Version Tinstall Tcheck Ttotal Status Flags
r-devel-linux-x86_64-debian-clang 1.2.0 11.22 108.38 119.60 NOTE
r-devel-linux-x86_64-debian-gcc 1.2.0 8.67 75.78 84.45 NOTE
r-devel-linux-x86_64-fedora-clang 1.2.0 200.04 OK
r-devel-linux-x86_64-fedora-gcc 1.2.0 195.25 OK
r-devel-windows-x86_64 1.2.0 13.00 111.00 124.00 NOTE
r-patched-linux-x86_64 1.2.0 16.31 98.52 114.83 OK
r-release-linux-x86_64 1.2.0 10.54 97.47 108.01 OK
r-release-macos-arm64 1.2.0 57.00 OK
r-release-macos-x86_64 1.2.0 81.00 OK
r-release-windows-x86_64 1.2.0 12.00 108.00 120.00 OK
r-oldrel-macos-arm64 1.2.0 54.00 OK
r-oldrel-macos-x86_64 1.2.0 103.00 OK
r-oldrel-windows-x86_64 1.2.0 16.00 138.00 154.00 OK

Check Details

Version: 1.2.0
Check: Rd cross-references
Result: NOTE Found the following Rd file(s) with Rd \link{} targets missing package anchors: forest.metarep.Rd: forest.meta Please provide package anchors for all Rd \link{} targets not in the package itself and the base packages. Flavors: r-devel-linux-x86_64-debian-clang, r-devel-linux-x86_64-debian-gcc, r-devel-windows-x86_64