Last updated on 2023-02-09 07:56:54 CET.
Flavor | Version | Tinstall | Tcheck | Ttotal | Status | Flags |
---|---|---|---|---|---|---|
r-devel-linux-x86_64-debian-clang | 0.3-4 | 21.95 | 30.60 | 52.55 | NOTE | |
r-devel-linux-x86_64-debian-gcc | 0.3-4 | 17.02 | 24.77 | 41.79 | NOTE | |
r-devel-linux-x86_64-fedora-clang | 0.3-4 | 74.81 | NOTE | |||
r-devel-linux-x86_64-fedora-gcc | 0.3-4 | 70.78 | NOTE | |||
r-devel-windows-x86_64 | 0.3-4 | 40.00 | 77.00 | 117.00 | NOTE | |
r-patched-linux-x86_64 | 0.3-4 | 17.45 | 30.42 | 47.87 | OK | |
r-release-linux-x86_64 | 0.3-4 | 19.07 | 32.05 | 51.12 | OK | |
r-release-macos-arm64 | 0.3-4 | 22.00 | OK | |||
r-release-macos-x86_64 | 0.3-4 | 31.00 | OK | |||
r-release-windows-x86_64 | 0.3-4 | 36.00 | 83.00 | 119.00 | OK | |
r-oldrel-macos-arm64 | 0.3-4 | 29.00 | OK | |||
r-oldrel-macos-x86_64 | 0.3-4 | 41.00 | OK | |||
r-oldrel-windows-ix86+x86_64 | 0.3-4 | 56.00 | 86.00 | 142.00 | OK |
Version: 0.3-4
Check: C++ specification
Result: NOTE
Specified C++11: please update to current default of C++17
Flavor: r-devel-linux-x86_64-debian-clang
Version: 0.3-4
Check: C++ specification
Result: NOTE
Specified C++11: please drop specification unless essential
Flavors: r-devel-linux-x86_64-debian-gcc, r-devel-linux-x86_64-fedora-clang, r-devel-linux-x86_64-fedora-gcc, r-devel-windows-x86_64