Last updated on 2024-04-18 08:54:36 CEST.
Flavor | Version | Tinstall | Tcheck | Ttotal | Status | Flags |
---|---|---|---|---|---|---|
r-devel-linux-x86_64-debian-clang | 1.0.5 | 91.34 | 604.77 | 696.11 | OK | |
r-devel-linux-x86_64-debian-gcc | 1.0.5 | 90.80 | 443.10 | 533.90 | OK | |
r-devel-linux-x86_64-fedora-clang | 1.0.5 | 880.38 | OK | |||
r-devel-linux-x86_64-fedora-gcc | 1.0.5 | 874.89 | OK | |||
r-prerel-macos-arm64 | 1.0.5 | 215.00 | NOTE | |||
r-prerel-windows-x86_64 | 1.0.5 | 79.00 | 394.00 | 473.00 | OK | |
r-patched-linux-x86_64 | 1.0.5 | 69.46 | 588.25 | 657.71 | OK | |
r-release-linux-x86_64 | 1.0.5 | 77.13 | 583.04 | 660.17 | OK | |
r-release-macos-arm64 | 1.0.5 | 205.00 | NOTE | |||
r-release-macos-x86_64 | 1.0.5 | 507.00 | NOTE | |||
r-release-windows-x86_64 | 1.0.5 | 103.00 | 557.00 | 660.00 | OK | |
r-oldrel-macos-arm64 | 1.0.5 | 202.00 | NOTE | |||
r-oldrel-windows-x86_64 | 1.0.5 | 102.00 | 523.00 | 625.00 | OK |
Version: 1.0.5
Check: installed package size
Result: NOTE
installed size is 23.3Mb
sub-directories of 1Mb or more:
doc 1.7Mb
libs 20.6Mb
Flavors: r-prerel-macos-arm64, r-release-macos-arm64, r-release-macos-x86_64, r-oldrel-macos-arm64