Last updated on 2024-04-19 08:54:46 CEST.
Flavor | Version | Tinstall | Tcheck | Ttotal | Status | Flags |
---|---|---|---|---|---|---|
r-devel-linux-x86_64-debian-clang | 1.3.3 | 6.72 | 118.36 | 125.08 | NOTE | |
r-devel-linux-x86_64-debian-gcc | 1.3.3 | NOTE | ||||
r-devel-linux-x86_64-fedora-clang | 1.3.3 | 153.22 | NOTE | |||
r-devel-linux-x86_64-fedora-gcc | 1.3.3 | 156.77 | NOTE | |||
r-prerel-macos-arm64 | 1.3.3 | 42.00 | NOTE | |||
r-prerel-windows-x86_64 | 1.3.3 | 7.00 | 106.00 | 113.00 | NOTE | |
r-patched-linux-x86_64 | 1.3.3 | 6.70 | 109.01 | 115.71 | NOTE | |
r-release-linux-x86_64 | 1.3.3 | 5.03 | 109.73 | 114.76 | NOTE | |
r-release-macos-arm64 | 1.3.3 | 49.00 | NOTE | |||
r-release-macos-x86_64 | 1.3.3 | 105.00 | NOTE | |||
r-release-windows-x86_64 | 1.3.3 | 8.00 | 124.00 | 132.00 | NOTE | |
r-oldrel-macos-arm64 | 1.3.3 | 47.00 | NOTE | |||
r-oldrel-windows-x86_64 | 1.3.3 | 9.00 | 133.00 | 142.00 | NOTE |
Version: 1.3.3
Check: LazyData
Result: NOTE
'LazyData' is specified without a 'data' directory
Flavors: r-devel-linux-x86_64-debian-clang, r-devel-linux-x86_64-debian-gcc, r-devel-linux-x86_64-fedora-clang, r-devel-linux-x86_64-fedora-gcc, r-prerel-macos-arm64, r-prerel-windows-x86_64, r-patched-linux-x86_64, r-release-linux-x86_64, r-release-macos-arm64, r-release-macos-x86_64, r-release-windows-x86_64, r-oldrel-macos-arm64, r-oldrel-windows-x86_64