Last updated on 2024-03-12 07:49:58 CET.
Flavor | Version | Tinstall | Tcheck | Ttotal | Status | Flags |
---|---|---|---|---|---|---|
r-devel-linux-x86_64-debian-clang | 1.3-0 | 13.57 | 133.90 | 147.47 | WARN | |
r-devel-linux-x86_64-debian-gcc | 1.3-0 | 11.52 | 103.52 | 115.04 | NOTE | |
r-devel-linux-x86_64-fedora-clang | 1.3-0 | 189.41 | NOTE | |||
r-devel-linux-x86_64-fedora-gcc | 1.3-0 | 205.56 | NOTE | |||
r-devel-windows-x86_64 | 1.3-0 | 15.00 | 131.00 | 146.00 | NOTE | |
r-patched-linux-x86_64 | 1.3-0 | 13.05 | 135.29 | 148.34 | NOTE | |
r-release-linux-x86_64 | 1.3-0 | 13.81 | 134.90 | 148.71 | NOTE | |
r-release-macos-arm64 | 1.3-0 | 71.00 | NOTE | |||
r-release-macos-x86_64 | 1.3-0 | 96.00 | NOTE | |||
r-release-windows-x86_64 | 1.3-0 | 18.00 | 149.00 | 167.00 | NOTE | |
r-oldrel-macos-arm64 | 1.3-0 | 54.00 | OK | |||
r-oldrel-windows-x86_64 | 1.3-0 | 17.00 | 154.00 | 171.00 | OK |
Version: 1.3-0
Check: whether package can be installed
Result: WARN
Found the following significant warnings:
flang-new: warning: argument unused during compilation: '-Wall' [-Wunused-command-line-argument]
See ‘/home/hornik/tmp/R.check/r-devel-clang/Work/PKGS/mhurdle.Rcheck/00install.out’ for details.
* used C compiler: ‘Debian clang version 18.1.0 (rc4-1)’
* used Fortran compiler: ‘Debian flang-new version 18.1.0 (rc4-1)’
Flavor: r-devel-linux-x86_64-debian-clang
Version: 1.3-0
Check: package subdirectories
Result: NOTE
Problems with news in ‘NEWS.md’:
No news entries found.
Flavors: r-devel-linux-x86_64-debian-clang, r-devel-linux-x86_64-debian-gcc, r-devel-linux-x86_64-fedora-clang, r-devel-linux-x86_64-fedora-gcc, r-devel-windows-x86_64, r-patched-linux-x86_64, r-release-linux-x86_64, r-release-macos-arm64, r-release-macos-x86_64, r-release-windows-x86_64