CRAN Package Check Results for Package miceadds

Last updated on 2021-04-15 09:50:05 CEST.

Flavor Version Tinstall Tcheck Ttotal Status Flags
r-devel-linux-x86_64-debian-clang 3.11-6 151.81 139.34 291.15 OK
r-devel-linux-x86_64-debian-gcc 3.11-6 106.57 102.43 209.00 OK
r-devel-linux-x86_64-fedora-clang 3.11-6 402.17 NOTE
r-devel-linux-x86_64-fedora-gcc 3.11-6 356.80 OK
r-devel-windows-ix86+x86_64 3.11-6 366.00 6.00 372.00 ERROR
r-devel-windows-x86_64-gcc10-UCRT 3.11-6 OK
r-patched-linux-x86_64 3.11-6 120.24 127.60 247.84 OK
r-patched-solaris-x86 3.11-6 353.70 NOTE
r-release-linux-x86_64 3.11-6 126.95 128.13 255.08 OK
r-release-macos-x86_64 3.11-6 NOTE
r-release-windows-ix86+x86_64 3.11-6 323.00 219.00 542.00 OK
r-oldrel-macos-x86_64 3.11-6 NOTE
r-oldrel-windows-ix86+x86_64 3.11-6 221.00 153.00 374.00 OK

Check Details

Version: 3.11-6
Check: installed package size
Result: NOTE
     installed size is 8.1Mb
     sub-directories of 1Mb or more:
     libs 6.5Mb
Flavors: r-devel-linux-x86_64-fedora-clang, r-release-macos-x86_64, r-oldrel-macos-x86_64

Version: 3.11-6
Check: whether package can be installed
Result: ERROR
    Installation failed.
    See * DONE
Flavor: r-devel-windows-ix86+x86_64

Version: 3.11-6
Check: package dependencies
Result: NOTE
    Package suggested but not available for checking: ‘MBESS’
Flavor: r-patched-solaris-x86