Last updated on 2024-04-20 08:51:00 CEST.
Flavor | Version | Tinstall | Tcheck | Ttotal | Status | Flags |
---|---|---|---|---|---|---|
r-devel-linux-x86_64-debian-clang | 3.17-44 | 174.14 | 215.10 | 389.24 | OK | |
r-devel-linux-x86_64-debian-gcc | 3.17-44 | 133.68 | 159.18 | 292.86 | OK | |
r-devel-linux-x86_64-fedora-clang | 3.17-44 | 542.53 | OK | |||
r-devel-linux-x86_64-fedora-gcc | 3.17-44 | 525.10 | OK | |||
r-prerel-macos-arm64 | 3.17-44 | 113.00 | NOTE | |||
r-prerel-windows-x86_64 | 3.17-44 | 142.00 | 211.00 | 353.00 | OK | |
r-patched-linux-x86_64 | 3.17-44 | 142.06 | 207.86 | 349.92 | OK | |
r-release-linux-x86_64 | 3.17-44 | 149.51 | 211.99 | 361.50 | OK | |
r-release-macos-arm64 | 3.17-44 | 113.00 | NOTE | |||
r-release-macos-x86_64 | 3.17-44 | 182.00 | NOTE | |||
r-release-windows-x86_64 | 3.17-44 | 167.00 | 270.00 | 437.00 | OK | |
r-oldrel-macos-arm64 | 3.17-44 | 108.00 | NOTE | |||
r-oldrel-windows-x86_64 | 3.17-44 | 161.00 | 262.00 | 423.00 | OK |
Version: 3.17-44
Check: installed package size
Result: NOTE
installed size is 7.3Mb
sub-directories of 1Mb or more:
libs 5.6Mb
Flavors: r-prerel-macos-arm64, r-release-macos-arm64, r-release-macos-x86_64, r-oldrel-macos-arm64