Last updated on 2024-05-07 08:55:09 CEST.
Flavor | Version | Tinstall | Tcheck | Ttotal | Status | Flags |
---|---|---|---|---|---|---|
r-devel-linux-x86_64-debian-clang | 1.2 | 85.21 | 73.54 | 158.75 | NOTE | |
r-devel-linux-x86_64-debian-gcc | 1.2 | 57.99 | 55.82 | 113.81 | NOTE | |
r-devel-linux-x86_64-fedora-clang | 1.2 | 236.40 | NOTE | |||
r-devel-linux-x86_64-fedora-gcc | 1.2 | 285.46 | NOTE | |||
r-devel-windows-x86_64 | 1.2 | 69.00 | 102.00 | 171.00 | NOTE | |
r-patched-linux-x86_64 | 1.2 | 63.18 | 74.42 | 137.60 | NOTE | |
r-release-linux-x86_64 | 1.2 | 58.79 | 73.64 | 132.43 | NOTE | |
r-release-macos-arm64 | 1.2 | 60.00 | NOTE | |||
r-release-windows-x86_64 | 1.2 | 67.00 | 94.00 | 161.00 | NOTE | |
r-oldrel-macos-arm64 | 1.2 | 70.00 | NOTE | |||
r-oldrel-macos-x86_64 | 1.2 | 105.00 | NOTE | |||
r-oldrel-windows-x86_64 | 1.2 | 84.00 | 110.00 | 194.00 | NOTE |
Version: 1.2
Check: C++ specification
Result: NOTE
Specified C++11: please drop specification unless essential
Flavors: r-devel-linux-x86_64-debian-clang, r-devel-linux-x86_64-debian-gcc, r-devel-linux-x86_64-fedora-clang, r-devel-linux-x86_64-fedora-gcc, r-devel-windows-x86_64, r-patched-linux-x86_64, r-release-linux-x86_64, r-release-macos-arm64, r-release-windows-x86_64, r-oldrel-macos-arm64, r-oldrel-macos-x86_64, r-oldrel-windows-x86_64
Version: 1.2
Check: for GNU extensions in Makefiles
Result: NOTE
GNU make is a SystemRequirements.
Flavors: r-devel-linux-x86_64-debian-clang, r-devel-linux-x86_64-debian-gcc, r-devel-linux-x86_64-fedora-clang, r-devel-linux-x86_64-fedora-gcc, r-devel-windows-x86_64, r-patched-linux-x86_64, r-release-linux-x86_64, r-release-macos-arm64, r-release-windows-x86_64, r-oldrel-macos-arm64, r-oldrel-macos-x86_64, r-oldrel-windows-x86_64
Version: 1.2
Check: dependencies in R code
Result: NOTE
Namespace in Imports field not imported from: ‘tibble’
All declared Imports should be used.
Flavors: r-devel-linux-x86_64-fedora-clang, r-devel-linux-x86_64-fedora-gcc