Last updated on 2024-04-18 08:54:36 CEST.
Flavor | Version | Tinstall | Tcheck | Ttotal | Status | Flags |
---|---|---|---|---|---|---|
r-devel-linux-x86_64-debian-clang | 0.1.10 | 14.33 | 96.50 | 110.83 | OK | |
r-devel-linux-x86_64-debian-gcc | 0.1.10 | 10.80 | 72.47 | 83.27 | OK | |
r-devel-linux-x86_64-fedora-clang | 0.1.10 | 136.81 | NOTE | |||
r-devel-linux-x86_64-fedora-gcc | 0.1.10 | 133.07 | OK | |||
r-prerel-macos-arm64 | 0.1.10 | 41.00 | OK | |||
r-prerel-windows-x86_64 | 0.1.10 | 15.00 | 96.00 | 111.00 | OK | |
r-patched-linux-x86_64 | 0.1.10 | 16.08 | 93.07 | 109.15 | OK | |
r-release-linux-x86_64 | 0.1.10 | 13.43 | 96.28 | 109.71 | OK | |
r-release-macos-arm64 | 0.1.10 | 46.00 | OK | |||
r-release-macos-x86_64 | 0.1.10 | 72.00 | OK | |||
r-release-windows-x86_64 | 0.1.10 | 18.00 | 113.00 | 131.00 | OK | |
r-oldrel-macos-arm64 | 0.1.10 | 40.00 | OK | |||
r-oldrel-windows-x86_64 | 0.1.10 | 20.00 | 113.00 | 133.00 | OK |
Version: 0.1.10
Check: installed package size
Result: NOTE
installed size is 8.2Mb
sub-directories of 1Mb or more:
libs 7.2Mb
Flavor: r-devel-linux-x86_64-fedora-clang