CRAN Package Check Results for Package mimi

Last updated on 2021-05-18 08:48:18 CEST.

Flavor Version Tinstall Tcheck Ttotal Status Flags
r-devel-linux-x86_64-debian-clang 0.2.0 7.24 44.88 52.12 OK
r-devel-linux-x86_64-debian-gcc 0.2.0 5.26 33.85 39.11 OK
r-devel-linux-x86_64-fedora-clang 0.2.0 69.54 NOTE
r-devel-linux-x86_64-fedora-gcc 0.2.0 57.49 NOTE
r-devel-windows-ix86+x86_64 0.2.0 14.00 60.00 74.00 OK
r-devel-windows-x86_64-gcc10-UCRT 0.2.0 NOTE
r-patched-linux-x86_64 0.2.0 6.57 42.24 48.81 OK
r-patched-solaris-x86 0.2.0 85.70 NOTE
r-release-linux-x86_64 0.2.0 6.64 40.83 47.47 OK
r-release-macos-x86_64 0.2.0 NOTE
r-release-windows-ix86+x86_64 0.2.0 10.00 44.00 54.00 OK
r-oldrel-macos-x86_64 0.2.0 NOTE
r-oldrel-windows-ix86+x86_64 0.2.0 10.00 63.00 73.00 OK

Check Details

Version: 0.2.0
Check: dependencies in R code
Result: NOTE
    Namespaces in Imports field not imported from:
     ‘FactoMineR’ ‘softImpute’
     All declared Imports should be used.
Flavors: r-devel-linux-x86_64-fedora-clang, r-devel-linux-x86_64-fedora-gcc, r-devel-windows-x86_64-gcc10-UCRT, r-patched-solaris-x86, r-release-macos-x86_64, r-oldrel-macos-x86_64