Last updated on 2024-05-07 08:55:10 CEST.
Flavor | Version | Tinstall | Tcheck | Ttotal | Status | Flags |
---|---|---|---|---|---|---|
r-devel-linux-x86_64-debian-clang | 1.0.0 | 5.92 | 58.96 | 64.88 | OK | |
r-devel-linux-x86_64-debian-gcc | 1.0.0 | 5.09 | 43.74 | 48.83 | OK | |
r-devel-linux-x86_64-fedora-clang | 1.0.0 | 81.36 | OK | |||
r-devel-linux-x86_64-fedora-gcc | 1.0.0 | 109.91 | OK | |||
r-devel-windows-x86_64 | 1.0.0 | 8.00 | 67.00 | 75.00 | OK | |
r-patched-linux-x86_64 | 1.0.0 | 5.59 | 56.43 | 62.02 | OK | |
r-release-linux-x86_64 | 1.0.0 | 6.10 | 55.15 | 61.25 | OK | |
r-release-macos-arm64 | 1.0.0 | 29.00 | NOTE | |||
r-release-windows-x86_64 | 1.0.0 | 7.00 | 66.00 | 73.00 | OK | |
r-oldrel-macos-arm64 | 1.0.0 | 31.00 | NOTE | |||
r-oldrel-macos-x86_64 | 1.0.0 | 40.00 | NOTE | |||
r-oldrel-windows-x86_64 | 1.0.0 | 11.00 | 73.00 | 84.00 | OK |
Version: 1.0.0
Check: installed package size
Result: NOTE
installed size is 5.6Mb
sub-directories of 1Mb or more:
data 5.5Mb
Flavors: r-release-macos-arm64, r-oldrel-macos-arm64, r-oldrel-macos-x86_64