Last updated on 2024-03-12 07:49:58 CET.
Flavor | Version | Tinstall | Tcheck | Ttotal | Status | Flags |
---|---|---|---|---|---|---|
r-devel-linux-x86_64-debian-clang | 1.2.6 | 23.78 | 31.67 | 55.45 | WARN | |
r-devel-linux-x86_64-debian-gcc | 1.2.6 | 17.77 | 24.99 | 42.76 | OK | |
r-devel-linux-x86_64-fedora-clang | 1.2.6 | 73.59 | OK | |||
r-devel-linux-x86_64-fedora-gcc | 1.2.6 | 72.10 | OK | |||
r-devel-windows-x86_64 | 1.2.6 | 26.00 | 73.00 | 99.00 | OK | |
r-patched-linux-x86_64 | 1.2.6 | 21.65 | 31.40 | 53.05 | OK | |
r-release-linux-x86_64 | 1.2.6 | 23.19 | 31.64 | 54.83 | OK | |
r-release-macos-arm64 | 1.2.6 | 37.00 | OK | |||
r-release-macos-x86_64 | 1.2.6 | 61.00 | OK | |||
r-release-windows-x86_64 | 1.2.6 | 31.00 | 78.00 | 109.00 | OK | |
r-oldrel-macos-arm64 | 1.2.6 | 43.00 | OK | |||
r-oldrel-windows-x86_64 | 1.2.6 | 30.00 | 72.00 | 102.00 | OK |
Version: 1.2.6
Check: whether package can be installed
Result: WARN
Found the following significant warnings:
flang-new: warning: argument unused during compilation: '-Wall' [-Wunused-command-line-argument]
See ‘/home/hornik/tmp/R.check/r-devel-clang/Work/PKGS/minqa.Rcheck/00install.out’ for details.
* used Fortran compiler: ‘Debian flang-new version 18.1.0 (rc4-1)’
* used C++ compiler: ‘Debian clang version 18.1.0 (rc4-1)’
Flavor: r-devel-linux-x86_64-debian-clang