CRAN Package Check Results for Package miscTools

Last updated on 2021-09-23 08:51:08 CEST.

Flavor Version Tinstall Tcheck Ttotal Status Flags
r-devel-linux-x86_64-debian-clang 0.6-26 2.38 28.71 31.09 OK
r-devel-linux-x86_64-debian-gcc 0.6-26 1.74 22.64 24.38 OK
r-devel-linux-x86_64-fedora-clang 0.6-26 47.97 NOTE
r-devel-linux-x86_64-fedora-gcc 0.6-26 37.36 OK
r-devel-windows-x86_64 0.6-26 5.00 37.00 42.00 OK
r-devel-windows-x86_64-gcc10-UCRT 0.6-26 ERROR
r-patched-linux-x86_64 0.6-26 2.70 28.38 31.08 OK
r-patched-solaris-x86 0.6-26 57.90 OK
r-release-linux-x86_64 0.6-26 2.01 28.39 30.40 OK
r-release-macos-arm64 0.6-26 OK
r-release-macos-x86_64 0.6-26 OK
r-release-windows-ix86+x86_64 0.6-26 6.00 34.00 40.00 OK
r-oldrel-macos-x86_64 0.6-26 OK
r-oldrel-windows-ix86+x86_64 0.6-26 5.00 34.00 39.00 OK

Check Details

Version: 0.6-26
Check: Rd cross-references
Result: NOTE
    Undeclared package ‘maxLik’ in Rd xrefs
Flavor: r-devel-linux-x86_64-fedora-clang

Version: 0.6-26
Check: package dependencies
Result: NOTE
    Package suggested but not available for checking: 'Ecdat'
Flavor: r-devel-windows-x86_64-gcc10-UCRT

Version: 0.6-26
Check: examples
Result: ERROR
    Running examples in 'miscTools-Ex.R' failed
    The error most likely occurred in:
    
    > ### Name: colMedians
    > ### Title: Medians of Columns
    > ### Aliases: colMedians
    > ### Keywords: array
    >
    > ### ** Examples
    >
    > data( "Electricity", package = "Ecdat" )
    Error in find.package(package, lib.loc, verbose = verbose) :
     there is no package called 'Ecdat'
    Calls: data -> find.package
    Execution halted
Flavor: r-devel-windows-x86_64-gcc10-UCRT

Version: 0.6-26
Check: tests
Result: ERROR
     Running 'colMediansTest.R'
    Running the tests in 'tests/colMediansTest.R' failed.
    Complete output:
     > library( "miscTools" )
     >
     >
     > ## matrix
     > m <- matrix( 1:24, nrow = 6, ncol = 4 )
     >
     > cm1 <- colMedians( m )
     > print( cm1 )
     [1] 3.5 9.5 15.5 21.5
     >
     > rm1 <- rowMedians( m )
     > print( rm1 )
     [1] 10 11 12 13 14 15
     >
     > all.equal( cm1, rowMedians( t( m ) ) )
     [1] TRUE
     > all.equal( rm1, colMedians( t( m ) ) )
     [1] TRUE
     >
     >
     > ## data.frame
     > data( "Electricity", package = "Ecdat" )
     Error in find.package(package, lib.loc, verbose = verbose) :
     there is no package called 'Ecdat'
     Calls: data -> find.package
     Execution halted
Flavor: r-devel-windows-x86_64-gcc10-UCRT

Version: 0.6-26
Check: PDF version of manual
Result: WARN
    LaTeX errors when creating PDF version.
    This typically indicates Rd problems.
Flavor: r-devel-windows-x86_64-gcc10-UCRT

Version: 0.6-26
Check: PDF version of manual without hyperrefs or index
Result: ERROR
    Re-running with no redirection of stdout/stderr.
Flavor: r-devel-windows-x86_64-gcc10-UCRT