Last updated on 2024-04-24 07:57:45 CEST.
Flavor | Version | Tinstall | Tcheck | Ttotal | Status | Flags |
---|---|---|---|---|---|---|
r-devel-linux-x86_64-debian-clang | 1.0.4 | 139.91 | 349.67 | 489.58 | OK | |
r-devel-linux-x86_64-debian-gcc | 1.0.4 | 103.80 | 264.09 | 367.89 | OK | |
r-devel-linux-x86_64-fedora-clang | 1.0.4 | 627.98 | OK | |||
r-devel-linux-x86_64-fedora-gcc | 1.0.4 | 636.74 | OK | |||
r-prerel-macos-arm64 | 1.0.4 | 188.00 | NOTE | |||
r-prerel-windows-x86_64 | 1.0.4 | 98.00 | 320.00 | 418.00 | OK | |
r-patched-linux-x86_64 | 1.0.4 | 94.48 | 348.42 | 442.90 | OK | |
r-release-linux-x86_64 | 1.0.4 | 89.29 | 353.20 | 442.49 | OK | |
r-release-macos-arm64 | 1.0.4 | 192.00 | NOTE | |||
r-release-macos-x86_64 | 1.0.4 | 409.00 | NOTE | |||
r-release-windows-x86_64 | 1.0.4 | 125.00 | 424.00 | 549.00 | OK | |
r-oldrel-macos-arm64 | 1.0.4 | 196.00 | NOTE | |||
r-oldrel-windows-x86_64 | 1.0.4 | 124.00 | 405.00 | 529.00 | OK |
Version: 1.0.4
Check: installed package size
Result: NOTE
installed size is 6.8Mb
sub-directories of 1Mb or more:
libs 4.7Mb
Flavors: r-prerel-macos-arm64, r-release-macos-arm64, r-release-macos-x86_64, r-oldrel-macos-arm64