Last updated on 2024-04-19 08:54:46 CEST.
Flavor | Version | Tinstall | Tcheck | Ttotal | Status | Flags |
---|---|---|---|---|---|---|
r-devel-linux-x86_64-debian-clang | 2.4 | 2.66 | 39.83 | 42.49 | NOTE | |
r-devel-linux-x86_64-debian-gcc | 2.4 | NOTE | ||||
r-devel-linux-x86_64-fedora-clang | 2.4 | 53.68 | NOTE | |||
r-devel-linux-x86_64-fedora-gcc | 2.4 | 63.30 | NOTE | |||
r-prerel-macos-arm64 | 2.4 | 26.00 | NOTE | |||
r-prerel-windows-x86_64 | 2.4 | 4.00 | 60.00 | 64.00 | NOTE | |
r-patched-linux-x86_64 | 2.4 | 2.56 | 37.68 | 40.24 | NOTE | |
r-release-linux-x86_64 | 2.4 | 2.97 | 37.63 | 40.60 | OK | |
r-release-macos-arm64 | 2.4 | 28.00 | OK | |||
r-release-macos-x86_64 | 2.4 | 40.00 | OK | |||
r-release-windows-x86_64 | 2.4 | 3.00 | 60.00 | 63.00 | OK | |
r-oldrel-macos-arm64 | 2.4 | 24.00 | OK | |||
r-oldrel-windows-x86_64 | 2.4 | 4.00 | 66.00 | 70.00 | OK |
Version: 2.4
Check: Rd files
Result: NOTE
checkRd: (-1) PV.Rd:14: Lost braces
14 | plausible value in turn; with code{rewrite=FALSE} a new data set is
| ^
Flavors: r-devel-linux-x86_64-debian-clang, r-devel-linux-x86_64-debian-gcc, r-devel-linux-x86_64-fedora-clang, r-devel-linux-x86_64-fedora-gcc, r-prerel-macos-arm64, r-prerel-windows-x86_64, r-patched-linux-x86_64