Last updated on 2024-04-18 08:54:36 CEST.
Flavor | Version | Tinstall | Tcheck | Ttotal | Status | Flags |
---|---|---|---|---|---|---|
r-devel-linux-x86_64-debian-clang | 1.0.0 | 2.88 | 319.32 | 322.20 | NOTE | |
r-devel-linux-x86_64-debian-gcc | 1.0.0 | 2.74 | 231.29 | 234.03 | NOTE | |
r-devel-linux-x86_64-fedora-clang | 1.0.0 | 391.63 | NOTE | |||
r-devel-linux-x86_64-fedora-gcc | 1.0.0 | 386.40 | NOTE | |||
r-prerel-macos-arm64 | 1.0.0 | 115.00 | NOTE | |||
r-prerel-windows-x86_64 | 1.0.0 | 4.00 | 259.00 | 263.00 | NOTE | |
r-patched-linux-x86_64 | 1.0.0 | 3.49 | 312.18 | 315.67 | NOTE | |
r-release-linux-x86_64 | 1.0.0 | 3.65 | 301.86 | 305.51 | NOTE | |
r-release-macos-arm64 | 1.0.0 | 130.00 | NOTE | |||
r-release-macos-x86_64 | 1.0.0 | 217.00 | NOTE | |||
r-release-windows-x86_64 | 1.0.0 | 4.00 | 304.00 | 308.00 | NOTE | |
r-oldrel-macos-arm64 | 1.0.0 | 126.00 | OK | |||
r-oldrel-windows-x86_64 | 1.0.0 | 5.00 | 312.00 | 317.00 | OK |
Version: 1.0.0
Check: package subdirectories
Result: NOTE
Problems with news in ‘NEWS.md’:
Cannot extract version info from the following section titles:
Bug Fix
Update Vignettes
Function Optimizing
New Functions
Vignette
Optimization
Fix Bugs
Add New Function
Update Description Files
Fix bugs
New .R files
Update Old .R files
Flavors: r-devel-linux-x86_64-debian-clang, r-devel-linux-x86_64-debian-gcc, r-devel-linux-x86_64-fedora-clang, r-devel-linux-x86_64-fedora-gcc, r-prerel-macos-arm64, r-prerel-windows-x86_64, r-patched-linux-x86_64, r-release-linux-x86_64, r-release-macos-arm64, r-release-macos-x86_64, r-release-windows-x86_64