CRAN Package Check Results for Package mixlm

Last updated on 2021-06-21 08:49:54 CEST.

Flavor Version Tinstall Tcheck Ttotal Status Flags
r-devel-linux-x86_64-debian-clang 1.2.5 15.82 105.42 121.24 OK
r-devel-linux-x86_64-debian-gcc 1.2.5 11.91 76.60 88.51 OK
r-devel-linux-x86_64-fedora-clang 1.2.5 146.13 OK
r-devel-linux-x86_64-fedora-gcc 1.2.5 137.80 OK
r-devel-windows-x86_64 1.2.5 22.00 91.00 113.00 OK
r-devel-windows-x86_64-gcc10-UCRT 1.2.5 ERROR
r-patched-linux-x86_64 1.2.5 13.77 98.24 112.01 OK
r-patched-solaris-x86 1.2.5 197.80 OK
r-release-linux-x86_64 1.2.5 13.53 96.52 110.05 OK
r-release-macos-arm64 1.2.5 OK
r-release-macos-x86_64 1.2.5 OK
r-release-windows-ix86+x86_64 1.2.5 29.00 123.00 152.00 OK
r-oldrel-macos-x86_64 1.2.5 OK
r-oldrel-windows-ix86+x86_64 1.2.5 22.00 0.00 22.00 OK

Check Details

Version: 1.2.5
Check: package dependencies
Result: ERROR
    Package required but not available: 'car'
    
    See section 'The DESCRIPTION file' in the 'Writing R Extensions'
    manual.
Flavor: r-devel-windows-x86_64-gcc10-UCRT