Last updated on 2024-04-23 08:58:07 CEST.
Flavor | Version | Tinstall | Tcheck | Ttotal | Status | Flags |
---|---|---|---|---|---|---|
r-devel-linux-x86_64-debian-clang | 1.2.0 | 5.04 | 84.18 | 89.22 | NOTE | |
r-devel-linux-x86_64-debian-gcc | 1.2.0 | 4.91 | 60.34 | 65.25 | NOTE | |
r-devel-linux-x86_64-fedora-clang | 1.2.0 | 107.86 | NOTE | |||
r-devel-linux-x86_64-fedora-gcc | 1.2.0 | 103.30 | NOTE | |||
r-prerel-macos-arm64 | 1.2.0 | 27.00 | NOTE | |||
r-prerel-windows-x86_64 | 1.2.0 | 7.00 | 81.00 | 88.00 | NOTE | |
r-patched-linux-x86_64 | 1.2.0 | 9.45 | 77.82 | 87.27 | NOTE | |
r-release-linux-x86_64 | 1.2.0 | 6.95 | 79.80 | 86.75 | NOTE | |
r-release-macos-arm64 | 1.2.0 | 30.00 | NOTE | |||
r-release-macos-x86_64 | 1.2.0 | 51.00 | NOTE | |||
r-release-windows-x86_64 | 1.2.0 | 9.00 | 97.00 | 106.00 | NOTE | |
r-oldrel-macos-arm64 | 1.2.0 | 30.00 | OK | |||
r-oldrel-windows-x86_64 | 1.2.0 | 9.00 | 95.00 | 104.00 | OK |
Version: 1.2.0
Check: Rd files
Result: NOTE
checkRd: (-1) mixmeta-package.Rd:115: Escaped LaTeX specials: \&
checkRd: (-1) mixmeta.ml.Rd:56: Escaped LaTeX specials: \&
checkRd: (-1) ml.igls.Rd:62: Escaped LaTeX specials: \&
Flavors: r-devel-linux-x86_64-debian-clang, r-devel-linux-x86_64-debian-gcc, r-devel-linux-x86_64-fedora-clang, r-devel-linux-x86_64-fedora-gcc, r-prerel-macos-arm64, r-prerel-windows-x86_64, r-patched-linux-x86_64, r-release-linux-x86_64, r-release-macos-arm64, r-release-macos-x86_64, r-release-windows-x86_64
Version: 1.2.0
Check: Rd cross-references
Result: NOTE
Undeclared package ‘mvmeta’ in Rd xrefs
Flavor: r-devel-linux-x86_64-fedora-clang