Last updated on 2024-04-18 08:54:36 CEST.
Flavor | Version | Tinstall | Tcheck | Ttotal | Status | Flags |
---|---|---|---|---|---|---|
r-devel-linux-x86_64-debian-clang | 2.1.1 | 105.08 | 48.84 | 153.92 | OK | |
r-devel-linux-x86_64-debian-gcc | 2.1.1 | 73.37 | 36.21 | 109.58 | OK | |
r-devel-linux-x86_64-fedora-clang | 2.1.1 | 198.57 | OK | |||
r-devel-linux-x86_64-fedora-gcc | 2.1.1 | 208.55 | OK | |||
r-prerel-macos-arm64 | 2.1.1 | 55.00 | NOTE | |||
r-prerel-macos-x86_64 | 2.1.1 | 167.00 | NOTE | |||
r-prerel-windows-x86_64 | 2.1.1 | 70.00 | 80.00 | 150.00 | OK | |
r-patched-linux-x86_64 | 2.1.1 | 88.97 | 46.89 | 135.86 | OK | |
r-release-linux-x86_64 | 2.1.1 | 94.93 | 46.00 | 140.93 | OK | |
r-release-macos-arm64 | 2.1.1 | 63.00 | NOTE | |||
r-release-macos-x86_64 | 2.1.1 | 176.00 | NOTE | |||
r-release-windows-x86_64 | 2.1.1 | 87.00 | 100.00 | 187.00 | OK | |
r-oldrel-macos-arm64 | 2.1.1 | 61.00 | NOTE | |||
r-oldrel-windows-x86_64 | 2.1.1 | 82.00 | 94.00 | 176.00 | OK |
Version: 2.1.1
Check: installed package size
Result: NOTE
installed size is 11.8Mb
sub-directories of 1Mb or more:
libs 11.5Mb
Flavors: r-prerel-macos-arm64, r-prerel-macos-x86_64, r-release-macos-arm64, r-release-macos-x86_64, r-oldrel-macos-arm64