Last updated on 2024-08-31 08:48:16 CEST.
Flavor | Version | Tinstall | Tcheck | Ttotal | Status | Flags |
---|---|---|---|---|---|---|
r-devel-linux-x86_64-debian-clang | 2.1.1 | 81.53 | 37.22 | 118.75 | OK | |
r-devel-linux-x86_64-debian-gcc | 2.1.1 | 51.27 | 27.56 | 78.83 | OK | |
r-devel-linux-x86_64-fedora-clang | 2.1.1 | 189.67 | OK | |||
r-devel-linux-x86_64-fedora-gcc | 2.1.1 | 210.74 | OK | |||
r-devel-windows-x86_64 | 2.1.1 | 68.00 | 80.00 | 148.00 | OK | |
r-patched-linux-x86_64 | 2.1.1 | 69.73 | 35.46 | 105.19 | OK | |
r-release-linux-x86_64 | 2.1.1 | 74.13 | 35.99 | 110.12 | OK | |
r-release-macos-arm64 | 2.1.1 | 55.00 | NOTE | |||
r-release-macos-x86_64 | 2.1.1 | 80.00 | NOTE | |||
r-release-windows-x86_64 | 2.1.1 | 69.00 | 108.00 | 177.00 | OK | |
r-oldrel-macos-arm64 | 2.1.1 | 63.00 | NOTE | |||
r-oldrel-macos-x86_64 | 2.1.1 | 176.00 | NOTE | |||
r-oldrel-windows-x86_64 | 2.1.1 | 82.00 | 99.00 | 181.00 | OK |
Version: 2.1.1
Check: installed package size
Result: NOTE
installed size is 11.8Mb
sub-directories of 1Mb or more:
libs 11.5Mb
Flavors: r-release-macos-arm64, r-release-macos-x86_64, r-oldrel-macos-arm64, r-oldrel-macos-x86_64