Last updated on 2024-04-27 08:48:32 CEST.
Flavor | Version | Tinstall | Tcheck | Ttotal | Status | Flags |
---|---|---|---|---|---|---|
r-devel-linux-x86_64-debian-clang | 0.3.0 | 19.23 | 132.93 | 152.16 | NOTE | |
r-devel-linux-x86_64-debian-gcc | 0.3.0 | 14.25 | 98.94 | 113.19 | NOTE | |
r-devel-linux-x86_64-fedora-clang | 0.3.0 | 189.28 | NOTE | |||
r-devel-linux-x86_64-fedora-gcc | 0.3.0 | 175.59 | NOTE | |||
r-devel-windows-x86_64 | 0.3.0 | 15.00 | 102.00 | 117.00 | NOTE | |
r-patched-linux-x86_64 | 0.3.0 | 10.29 | 126.40 | 136.69 | NOTE | |
r-release-linux-x86_64 | 0.3.0 | 15.08 | 127.62 | 142.70 | OK | |
r-release-macos-arm64 | 0.3.0 | 52.00 | NOTE | |||
r-release-windows-x86_64 | 0.3.0 | 15.00 | 102.00 | 117.00 | NOTE | |
r-oldrel-macos-arm64 | 0.3.0 | 55.00 | OK | |||
r-oldrel-macos-x86_64 | 0.3.0 | 91.00 | OK | |||
r-oldrel-windows-x86_64 | 0.3.0 | 20.00 | 134.00 | 154.00 | OK |
Version: 0.3.0
Check: Rd files
Result: NOTE
checkRd: (-1) mlim.Rd:58: Lost braces
58 | Note that code{"XGB"} is only available in Mac OS and Linux. moreover,
| ^
Flavors: r-devel-linux-x86_64-debian-clang, r-devel-linux-x86_64-debian-gcc, r-devel-linux-x86_64-fedora-clang, r-devel-linux-x86_64-fedora-gcc, r-devel-windows-x86_64, r-patched-linux-x86_64, r-release-macos-arm64, r-release-windows-x86_64